Last updated on 2023-05-28 07:57:26 CEST.
Flavor | Version | Tinstall | Tcheck | Ttotal | Status | Flags |
---|---|---|---|---|---|---|
r-devel-linux-x86_64-debian-clang | 0.1.1 | 152.13 | 126.10 | 278.23 | NOTE | |
r-devel-linux-x86_64-debian-gcc | 0.1.1 | 134.84 | 100.82 | 235.66 | NOTE | |
r-devel-linux-x86_64-fedora-clang | 0.1.1 | 348.36 | NOTE | |||
r-devel-linux-x86_64-fedora-gcc | 0.1.1 | 422.00 | NOTE | |||
r-devel-windows-x86_64 | 0.1.1 | 122.00 | 137.00 | 259.00 | NOTE | |
r-patched-linux-x86_64 | 0.1.1 | 93.58 | 126.38 | 219.96 | NOTE | |
r-release-linux-x86_64 | 0.1.1 | 101.84 | 125.91 | 227.75 | NOTE | |
r-release-macos-arm64 | 0.1.1 | 99.00 | NOTE | |||
r-release-macos-x86_64 | 0.1.1 | 171.00 | NOTE | |||
r-release-windows-x86_64 | 0.1.1 | 160.00 | 165.00 | 325.00 | NOTE | |
r-oldrel-macos-arm64 | 0.1.1 | 92.00 | NOTE | |||
r-oldrel-macos-x86_64 | 0.1.1 | 135.00 | NOTE | |||
r-oldrel-windows-x86_64 | 0.1.1 | 139.00 | 158.00 | 297.00 | NOTE |
Version: 0.1.1
Check: for GNU extensions in Makefiles
Result: NOTE
GNU make is a SystemRequirements.
Flavors: r-devel-linux-x86_64-debian-clang, r-devel-linux-x86_64-debian-gcc, r-devel-linux-x86_64-fedora-clang, r-devel-linux-x86_64-fedora-gcc, r-devel-windows-x86_64, r-patched-linux-x86_64, r-release-linux-x86_64, r-release-macos-arm64, r-release-macos-x86_64, r-release-windows-x86_64, r-oldrel-macos-arm64, r-oldrel-macos-x86_64, r-oldrel-windows-x86_64
Version: 0.1.1
Check: dependencies in R code
Result: NOTE
Namespace in Imports field not imported from: ‘rstantools’
All declared Imports should be used.
Flavors: r-devel-linux-x86_64-fedora-clang, r-devel-linux-x86_64-fedora-gcc
Version: 0.1.1
Check: installed package size
Result: NOTE
installed size is 38.3Mb
sub-directories of 1Mb or more:
libs 38.0Mb
Flavors: r-release-macos-arm64, r-release-macos-x86_64, r-oldrel-macos-arm64, r-oldrel-macos-x86_64