CRAN Package Check Results for Package CARS

Last updated on 2020-04-02 19:48:21 CEST.

Flavor Version Tinstall Tcheck Ttotal Status Flags
r-devel-linux-x86_64-debian-clang 0.2.2 8.55 352.33 360.88 NOTE
r-devel-linux-x86_64-debian-gcc 0.2.2 7.34 233.33 240.67 NOTE
r-devel-linux-x86_64-fedora-clang 0.2.2 448.29 OK
r-devel-linux-x86_64-fedora-gcc 0.2.2 408.33 OK
r-devel-windows-ix86+x86_64 0.2.2 17.00 440.00 457.00 NOTE
r-devel-windows-ix86+x86_64-gcc8 0.2.2 15.00 475.00 490.00 NOTE
r-patched-linux-x86_64 0.2.2 7.05 338.96 346.01 NOTE
r-patched-solaris-x86 0.2.2 780.20 OK
r-release-linux-x86_64 0.2.2 7.03 315.58 322.61 OK
r-release-windows-ix86+x86_64 0.2.2 15.00 497.00 512.00 OK
r-release-osx-x86_64 0.2.2 OK
r-oldrel-windows-ix86+x86_64 0.2.2 12.00 634.00 646.00 OK
r-oldrel-osx-x86_64 0.2.2 OK

Check Details

Version: 0.2.2
Check: package vignettes
Result: NOTE
    Package vignette with placeholder title 'Vignette Title':
     'Vignette.Rmd'
Flavors: r-devel-linux-x86_64-debian-clang, r-devel-linux-x86_64-debian-gcc, r-devel-windows-ix86+x86_64, r-devel-windows-ix86+x86_64-gcc8, r-patched-linux-x86_64