CRAN Package Check Results for Package CB2

Last updated on 2019-04-26 03:47:11 CEST.

Flavor Version Tinstall Tcheck Ttotal Status Flags
r-devel-linux-x86_64-debian-clang 1.1 31.50 48.07 79.57 OK
r-devel-linux-x86_64-debian-gcc 1.1 25.33 37.74 63.07 OK
r-devel-linux-x86_64-fedora-clang 1.1 109.27 OK
r-devel-linux-x86_64-fedora-gcc 1.1 101.02 OK
r-devel-windows-ix86+x86_64 1.1 89.00 121.00 210.00 OK
r-patched-linux-x86_64 1.1 30.46 46.60 77.06 OK
r-patched-solaris-x86 1.1 125.10 OK
r-release-linux-x86_64 1.1 26.66 44.85 71.51 OK
r-release-windows-ix86+x86_64 1.1 79.00 111.00 190.00 OK
r-release-osx-x86_64 1.1 NOTE
r-oldrel-osx-x86_64 1.1 ERROR

Check Details

Version: 1.1
Check: installed package size
Result: NOTE
     installed size is 5.4Mb
     sub-directories of 1Mb or more:
     data 1.2Mb
     extdata 1.1Mb
     libs 2.8Mb
Flavor: r-release-osx-x86_64

Version: 1.1
Check: whether package can be installed
Result: ERROR
    Installation failed.
Flavor: r-oldrel-osx-x86_64