CRAN Package Check Results for Package CB2

Last updated on 2019-10-18 17:48:22 CEST.

Flavor Version Tinstall Tcheck Ttotal Status Flags
r-devel-linux-x86_64-debian-clang 1.2.1 36.10 47.19 83.29 OK
r-devel-linux-x86_64-debian-gcc 1.2.1 25.76 36.57 62.33 OK
r-devel-linux-x86_64-fedora-clang 1.2.1 108.47 NOTE
r-devel-linux-x86_64-fedora-gcc 1.2.1 105.94 OK
r-devel-windows-ix86+x86_64 1.2.1 100.00 135.00 235.00 OK
r-patched-linux-x86_64 1.2.1 27.91 45.33 73.24 OK
r-patched-solaris-x86 1.2.1 127.60 OK
r-release-linux-x86_64 1.2.1 29.41 45.41 74.82 OK
r-release-windows-ix86+x86_64 1.2.1 61.00 87.00 148.00 OK
r-release-osx-x86_64 1.2.1 NOTE
r-oldrel-windows-ix86+x86_64 1.2.1 57.00 84.00 141.00 OK
r-oldrel-osx-x86_64 1.2.1 NOTE

Check Details

Version: 1.2.1
Check: installed package size
Result: NOTE
     installed size is 5.2Mb
     sub-directories of 1Mb or more:
     data 1.2Mb
     extdata 1.1Mb
     libs 2.6Mb
Flavors: r-devel-linux-x86_64-fedora-clang, r-release-osx-x86_64, r-oldrel-osx-x86_64