CRAN Package Check Results for Package CB2

Last updated on 2019-07-17 16:46:55 CEST.

Flavor Version Tinstall Tcheck Ttotal Status Flags
r-devel-linux-x86_64-debian-clang 1.2.1 31.50 48.16 79.66 OK
r-devel-linux-x86_64-debian-gcc 1.2.1 27.19 37.81 65.00 OK
r-devel-linux-x86_64-fedora-clang 1.2.1 106.56 NOTE
r-devel-linux-x86_64-fedora-gcc 1.2.1 103.44 OK
r-devel-windows-ix86+x86_64 1.2.1 89.00 124.00 213.00 OK
r-patched-linux-x86_64 1.2.1 30.97 47.13 78.10 OK
r-patched-solaris-x86 1.2.1 133.10 OK
r-release-linux-x86_64 1.2.1 31.77 46.81 78.58 OK
r-release-windows-ix86+x86_64 1.2.1 64.00 91.00 155.00 OK
r-release-osx-x86_64 1.2.1 NOTE
r-oldrel-windows-ix86+x86_64 1.2.1 64.00 84.00 148.00 OK
r-oldrel-osx-x86_64 1.2.1 NOTE

Check Details

Version: 1.2.1
Check: installed package size
Result: NOTE
     installed size is 5.1Mb
     sub-directories of 1Mb or more:
     data 1.2Mb
     extdata 1.1Mb
     libs 2.5Mb
Flavors: r-devel-linux-x86_64-fedora-clang, r-release-osx-x86_64, r-oldrel-osx-x86_64