CRAN Package Check Results for Package CBT

Last updated on 2021-10-26 04:27:09 CEST.

Flavor Version Tinstall Tcheck Ttotal Status Flags
r-devel-linux-x86_64-debian-clang 1.0 1.93 25.63 27.56 OK
r-devel-linux-x86_64-debian-gcc 1.0 1.80 20.05 21.85 OK
r-devel-linux-x86_64-fedora-clang 1.0 44.44 OK
r-devel-linux-x86_64-fedora-gcc 1.0 34.68 OK
r-devel-windows-x86_64 1.0 4.00 41.00 45.00 OK
r-devel-windows-x86_64-gcc10-UCRT 1.0 FAIL
r-patched-linux-x86_64 1.0 2.14 25.96 28.10 OK
r-patched-solaris-x86 1.0 54.70 OK
r-release-linux-x86_64 1.0 2.16 25.84 28.00 OK
r-release-macos-arm64 1.0 OK
r-release-macos-x86_64 1.0 OK
r-release-windows-ix86+x86_64 1.0 5.00 43.00 48.00 OK
r-oldrel-macos-x86_64 1.0 OK
r-oldrel-windows-ix86+x86_64 1.0 7.00 39.00 46.00 OK

Check Details

Version: 1.0
Check: PDF version of manual
Result: FAIL
Flavor: r-devel-windows-x86_64-gcc10-UCRT