CRAN Package Check Results for Package CCA

Last updated on 2021-04-18 18:47:24 CEST.

Flavor Version Tinstall Tcheck Ttotal Status Flags
r-devel-linux-x86_64-debian-clang 1.2.1 10.04 90.13 100.17 OK
r-devel-linux-x86_64-debian-gcc 1.2.1 8.84 69.81 78.65 OK
r-devel-linux-x86_64-fedora-clang 1.2.1 131.51 OK
r-devel-linux-x86_64-fedora-gcc 1.2.1 127.22 OK
r-devel-windows-ix86+x86_64 1.2.1 26.00 113.00 139.00 OK
r-devel-windows-x86_64-gcc10-UCRT 1.2.1 OK
r-patched-linux-x86_64 1.2.1 10.07 84.70 94.77 OK
r-patched-solaris-x86 1.2.1 182.40 OK
r-release-linux-x86_64 1.2.1 9.23 84.28 93.51 OK
r-release-macos-x86_64 1.2.1 OK
r-release-windows-ix86+x86_64 1.2.1 24.00 112.00 136.00 OK
r-oldrel-macos-x86_64 1.2.1 NOTE
r-oldrel-windows-ix86+x86_64 1.2.1 15.00 102.00 117.00 NOTE

Check Details

Version: 1.2.1
Check: R code for possible problems
Result: NOTE
    plt.indiv: no visible global function definition for ‘plot’
    plt.var: no visible global function definition for ‘plot’
    Undefined global functions or variables:
     plot
    Consider adding
     importFrom("graphics", "plot")
    to your NAMESPACE file.
Flavors: r-oldrel-macos-x86_64, r-oldrel-windows-ix86+x86_64