CRAN Package Check Results for Package CCAMLRGIS

Last updated on 2020-04-08 01:48:51 CEST.

Flavor Version Tinstall Tcheck Ttotal Status Flags
r-devel-linux-x86_64-debian-clang 3.0.3 14.36 190.17 204.53 OK
r-devel-linux-x86_64-debian-gcc 3.0.3 13.71 142.97 156.68 OK
r-devel-linux-x86_64-fedora-clang 3.0.3 252.10 OK
r-devel-linux-x86_64-fedora-gcc 3.0.3 260.13 OK
r-devel-windows-ix86+x86_64 3.0.3 30.00 249.00 279.00 OK
r-devel-windows-ix86+x86_64-gcc8 3.0.3 25.00 244.00 269.00 OK
r-patched-linux-x86_64 3.0.3 14.37 181.43 195.80 OK
r-patched-solaris-x86 3.0.3 382.60 OK
r-release-linux-x86_64 3.0.3 12.70 166.98 179.68 OK
r-release-windows-ix86+x86_64 3.0.3 26.00 308.00 334.00 OK
r-release-osx-x86_64 3.0.3 OK
r-oldrel-osx-x86_64 3.0.3 ERROR

Check Details

Version: 3.0.3
Check: whether package can be installed
Result: ERROR
    Installation failed.
Flavor: r-oldrel-osx-x86_64