CRAN Package Check Results for Package CCMMR

Last updated on 2024-04-19 08:54:34 CEST.

Flavor Version Tinstall Tcheck Ttotal Status Flags
r-devel-linux-x86_64-debian-clang 0.2 66.95 40.13 107.08 OK
r-devel-linux-x86_64-debian-gcc 0.2 OK
r-devel-linux-x86_64-fedora-clang 0.2 160.95 OK
r-devel-linux-x86_64-fedora-gcc 0.2 159.79 OK
r-prerel-macos-arm64 0.2 35.00 NOTE
r-prerel-windows-x86_64 0.2 57.00 68.00 125.00 OK
r-patched-linux-x86_64 0.2 71.20 40.47 111.67 OK
r-release-linux-x86_64 0.2 70.50 40.29 110.79 OK
r-release-macos-arm64 0.2 52.00 NOTE
r-release-macos-x86_64 0.2 73.00 NOTE
r-release-windows-x86_64 0.2 66.00 79.00 145.00 OK
r-oldrel-macos-arm64 0.2 44.00 NOTE
r-oldrel-windows-x86_64 0.2 62.00 80.00 142.00 OK

Check Details

Version: 0.2
Check: installed package size
Result: NOTE installed size is 5.7Mb sub-directories of 1Mb or more: libs 5.6Mb Flavors: r-prerel-macos-arm64, r-release-macos-arm64, r-release-macos-x86_64, r-oldrel-macos-arm64