CRAN Package Check Results for Package CCMMR

Last updated on 2023-09-21 11:55:50 CEST.

Flavor Version Tinstall Tcheck Ttotal Status Flags
r-devel-linux-x86_64-debian-clang 0.1 57.81 37.13 94.94 OK
r-devel-linux-x86_64-debian-gcc 0.1 35.04 31.28 66.32 OK
r-devel-linux-x86_64-fedora-clang 0.1 135.72 OK
r-devel-linux-x86_64-fedora-gcc 0.1 135.84 OK
r-devel-windows-x86_64 0.1 44.00 71.00 115.00 OK
r-patched-linux-x86_64 0.1 54.92 39.15 94.07 OK
r-release-linux-x86_64 0.1 54.93 39.40 94.33 OK
r-release-macos-arm64 0.1 38.00 NOTE
r-release-macos-x86_64 0.1 69.00 NOTE
r-release-windows-x86_64 0.1 56.00 77.00 133.00 OK
r-oldrel-macos-arm64 0.1 37.00 NOTE
r-oldrel-macos-x86_64 0.1 49.00 NOTE
r-oldrel-windows-x86_64 0.1 51.00 77.00 128.00 OK

Check Details

Version: 0.1
Check: installed package size
Result: NOTE
     installed size is 5.4Mb
     sub-directories of 1Mb or more:
     libs 5.2Mb
Flavors: r-release-macos-arm64, r-release-macos-x86_64, r-oldrel-macos-arm64, r-oldrel-macos-x86_64