Last updated on 2023-12-04 07:03:00 CET.
Flavor | Version | Tinstall | Tcheck | Ttotal | Status | Flags |
---|---|---|---|---|---|---|
r-devel-linux-x86_64-debian-clang | 1.5.2 | 16.05 | 74.15 | 90.20 | NOTE | |
r-devel-linux-x86_64-debian-gcc | 1.5.2 | 9.24 | 55.54 | 64.78 | NOTE | |
r-devel-linux-x86_64-fedora-clang | 1.5.2 | 109.96 | NOTE | |||
r-devel-linux-x86_64-fedora-gcc | 1.5.2 | 106.70 | NOTE | |||
r-devel-windows-x86_64 | 1.5.2 | 10.00 | 70.00 | 80.00 | OK | |
r-patched-linux-x86_64 | 1.5.2 | 15.27 | 73.12 | 88.39 | NOTE | |
r-release-linux-x86_64 | 1.5.2 | 14.04 | 72.14 | 86.18 | NOTE | |
r-release-macos-arm64 | 1.5.2 | 38.00 | OK | |||
r-release-macos-x86_64 | 1.5.2 | 58.00 | OK | |||
r-release-windows-x86_64 | 1.5.2 | 14.00 | 76.00 | 90.00 | OK | |
r-oldrel-macos-arm64 | 1.5.2 | 68.00 | OK | |||
r-oldrel-macos-x86_64 | 1.5.2 | 92.00 | OK | |||
r-oldrel-windows-x86_64 | 1.5.2 | 14.00 | 83.00 | 97.00 | OK |
Version: 1.5.2
Check: for non-standard things in the check directory
Result: NOTE
Found the following files/directories:
‘hotcold.csv’
Flavors: r-devel-linux-x86_64-debian-clang, r-devel-linux-x86_64-debian-gcc, r-devel-linux-x86_64-fedora-clang, r-devel-linux-x86_64-fedora-gcc, r-patched-linux-x86_64, r-release-linux-x86_64