CRAN Package Check Results for Package CCWeights

Last updated on 2024-06-13 22:49:21 CEST.

Flavor Version Tinstall Tcheck Ttotal Status Flags
r-devel-linux-x86_64-debian-clang 0.1.6 7.94 56.88 64.82 OK
r-devel-linux-x86_64-debian-gcc 0.1.6 0.59 1.57 2.16 ERROR
r-devel-linux-x86_64-fedora-clang 0.1.6 78.66 OK
r-devel-linux-x86_64-fedora-gcc 0.1.6 74.50 OK
r-devel-windows-x86_64 0.1.6 8.00 61.00 69.00 OK
r-patched-linux-x86_64 0.1.6 6.68 52.83 59.51 OK
r-release-linux-x86_64 0.1.6 7.46 54.69 62.15 OK
r-release-macos-arm64 0.1.6 26.00 OK
r-release-macos-x86_64 0.1.6 66.00 OK
r-release-windows-x86_64 0.1.6 10.00 77.00 87.00 OK
r-oldrel-macos-arm64 0.1.6 27.00 OK
r-oldrel-macos-x86_64 0.1.6 38.00 OK
r-oldrel-windows-x86_64 0.1.6 10.00 72.00 82.00 OK

Check Details

Version: 0.1.6
Check: package dependencies
Result: ERROR Packages required but not available: 'plotly', 'dplyr', 'readxl', 'readr' See section ‘The DESCRIPTION file’ in the ‘Writing R Extensions’ manual. Flavor: r-devel-linux-x86_64-debian-gcc