CRAN Package Check Results for Package CDM

Last updated on 2018-10-16 11:47:52 CEST.

Flavor Version Tinstall Tcheck Ttotal Status Flags
r-devel-linux-x86_64-debian-clang 6.6-5 136.59 134.97 271.56 OK
r-devel-linux-x86_64-debian-gcc 6.6-5 110.82 104.28 215.10 OK
r-devel-linux-x86_64-fedora-clang 6.6-5 368.96 NOTE
r-devel-linux-x86_64-fedora-gcc 6.6-5 358.63 OK
r-devel-windows-ix86+x86_64 6.6-5 290.00 228.00 518.00 OK
r-patched-linux-x86_64 6.6-5 134.53 129.78 264.31 OK
r-patched-solaris-x86 6.6-5 327.10 OK
r-release-linux-x86_64 6.6-5 134.73 129.82 264.55 OK
r-release-windows-ix86+x86_64 6.6-5 315.00 224.00 539.00 OK
r-release-osx-x86_64 6.6-5 NOTE
r-oldrel-windows-ix86+x86_64 6.6-5 310.00 238.00 548.00 OK
r-oldrel-osx-x86_64 6.6-5 OK

Check Details

Version: 6.6-5
Check: installed package size
Result: NOTE
     installed size is 6.1Mb
     sub-directories of 1Mb or more:
     data 1.3Mb
     libs 3.4Mb
Flavors: r-devel-linux-x86_64-fedora-clang, r-release-osx-x86_64