CRAN Package Check Results for Package CDM

Last updated on 2018-07-21 02:47:26 CEST.

Flavor Version Tinstall Tcheck Ttotal Status Flags
r-devel-linux-x86_64-debian-clang 6.4-23 123.19 134.25 257.44 OK
r-devel-linux-x86_64-debian-gcc 6.4-23 103.00 103.72 206.72 OK
r-devel-linux-x86_64-fedora-clang 6.4-23 349.94 NOTE
r-devel-linux-x86_64-fedora-gcc 6.4-23 347.05 OK
r-devel-windows-ix86+x86_64 6.4-23 210.00 220.00 430.00 OK
r-patched-linux-x86_64 6.4-23 OK
r-patched-solaris-x86 6.4-23 331.80 OK
r-release-linux-x86_64 6.4-23 125.60 131.00 256.60 OK
r-release-windows-ix86+x86_64 6.4-23 307.00 220.00 527.00 OK
r-release-osx-x86_64 6.4-23 NOTE
r-oldrel-windows-ix86+x86_64 6.4-23 215.00 192.00 407.00 OK
r-oldrel-osx-x86_64 6.4-23 OK

Check Details

Version: 6.4-23
Check: installed package size
Result: NOTE
     installed size is 6.0Mb
     sub-directories of 1Mb or more:
     data 1.3Mb
     libs 3.3Mb
Flavors: r-devel-linux-x86_64-fedora-clang, r-release-osx-x86_64