CRAN Package Check Results for Package CDM

Last updated on 2021-09-18 18:52:40 CEST.

Flavor Version Tinstall Tcheck Ttotal Status Flags
r-devel-linux-x86_64-debian-clang 7.5-15 185.76 162.56 348.32 OK
r-devel-linux-x86_64-debian-gcc 7.5-15 110.47 118.10 228.57 OK
r-devel-linux-x86_64-fedora-clang 7.5-15 503.99 NOTE
r-devel-linux-x86_64-fedora-gcc 7.5-15 438.27 OK
r-devel-windows-x86_64 7.5-15 159.00 148.00 307.00 OK
r-devel-windows-x86_64-gcc10-UCRT 7.5-15 OK
r-patched-linux-x86_64 7.5-15 131.46 155.45 286.91 OK
r-patched-solaris-x86 7.5-15 385.20 OK
r-release-linux-x86_64 7.5-15 135.98 154.53 290.51 OK
r-release-macos-arm64 7.5-15 NOTE
r-release-macos-x86_64 7.5-15 NOTE
r-release-windows-ix86+x86_64 7.5-15 395.00 233.00 628.00 NOTE
r-oldrel-macos-x86_64 7.5-15 NOTE
r-oldrel-windows-ix86+x86_64 7.5-15 379.00 230.00 609.00 NOTE

Check Details

Version: 7.5-15
Check: installed package size
Result: NOTE
     installed size is 6.1Mb
     sub-directories of 1Mb or more:
     data 1.3Mb
     libs 3.3Mb
Flavors: r-devel-linux-x86_64-fedora-clang, r-release-macos-arm64, r-release-macos-x86_64, r-release-windows-ix86+x86_64, r-oldrel-macos-x86_64, r-oldrel-windows-ix86+x86_64

Version: 7.5-15
Check: Rd cross-references
Result: NOTE
    Undeclared package ‘car’ in Rd xrefs
Flavor: r-devel-linux-x86_64-fedora-clang