CRAN Package Check Results for Package CDM

Last updated on 2018-04-25 15:47:42 CEST.

Flavor Version Tinstall Tcheck Ttotal Status Flags
r-devel-linux-x86_64-debian-clang 6.1-10 80.00 127.61 207.61 OK
r-devel-linux-x86_64-debian-gcc 6.1-10 60.96 95.60 156.56 OK
r-devel-linux-x86_64-fedora-clang 6.1-10 267.14 OK
r-devel-linux-x86_64-fedora-gcc 6.1-10 246.26 NOTE
r-devel-windows-ix86+x86_64 6.1-10 175.00 216.00 391.00 OK
r-patched-linux-x86_64 6.1-10 78.48 126.43 204.91 OK
r-patched-solaris-x86 6.1-10 279.00 OK
r-release-linux-x86_64 6.1-10 80.41 124.64 205.05 OK
r-release-windows-ix86+x86_64 6.1-10 175.00 216.00 391.00 OK
r-release-osx-x86_64 6.1-10 OK
r-oldrel-windows-ix86+x86_64 6.1-10 119.00 207.00 326.00 OK
r-oldrel-osx-x86_64 6.1-10 OK

Check Details

Version: 6.1-10
Check: installed package size
Result: NOTE
     installed size is 5.2Mb
     sub-directories of 1Mb or more:
     data 1.2Mb
     libs 2.7Mb
Flavor: r-devel-linux-x86_64-fedora-gcc