CRAN Package Check Results for Package CDM

Last updated on 2024-02-21 06:07:30 CET.

Flavor Version Tinstall Tcheck Ttotal Status Flags
r-devel-linux-x86_64-debian-clang 8.2-6 NOTE
r-devel-linux-x86_64-debian-gcc 8.2-6 137.17 131.18 268.35 NOTE
r-devel-linux-x86_64-fedora-clang 8.2-6 553.89 OK
r-devel-linux-x86_64-fedora-gcc 8.2-6 515.57 OK
r-devel-windows-x86_64 8.2-6 142.00 174.00 316.00 OK
r-patched-linux-x86_64 8.2-6 184.68 179.57 364.25 OK
r-release-linux-x86_64 8.2-6 181.05 182.93 363.98 OK
r-release-macos-arm64 8.2-6 109.00 NOTE
r-release-macos-x86_64 8.2-6 200.00 NOTE
r-release-windows-x86_64 8.2-6 181.00 214.00 395.00 OK
r-oldrel-macos-arm64 8.2-6 109.00 NOTE
r-oldrel-windows-x86_64 8.2-6 170.00 200.00 370.00 OK

Check Details

Version: 8.2-6
Check: Rd files
Result: NOTE checkRd: (-1) data.dtmr.Rd:57: Lost braces; missing escapes or markup? 57 | \code{RU}: {Referent units} | ^ checkRd: (-1) data.dtmr.Rd:59: Lost braces; missing escapes or markup? 59 | \code{PI}: {Partitioning and iterating attribute} | ^ checkRd: (-1) data.dtmr.Rd:61: Lost braces; missing escapes or markup? 61 | \code{APP}: {Appropriateness attribute} | ^ checkRd: (-1) data.dtmr.Rd:63: Lost braces; missing escapes or markup? 63 | \code{MC}: {Multiplicative Comparison attribute} | ^ Flavors: r-devel-linux-x86_64-debian-clang, r-devel-linux-x86_64-debian-gcc

Version: 8.2-6
Check: installed package size
Result: NOTE installed size is 6.2Mb sub-directories of 1Mb or more: data 1.3Mb libs 3.4Mb Flavors: r-release-macos-arm64, r-release-macos-x86_64, r-oldrel-macos-arm64

Version: 8.2-6
Check: package dependencies
Result: NOTE Package which this enhances but not available for checking: ‘mirt’ Flavor: r-release-macos-x86_64

Version: 8.2-6
Check: Rd cross-references
Result: NOTE Package unavailable to check Rd xrefs: ‘mirt’ Flavor: r-release-macos-x86_64