Last updated on 2023-09-22 21:54:43 CEST.
Flavor | Version | Tinstall | Tcheck | Ttotal | Status | Flags |
---|---|---|---|---|---|---|
r-devel-linux-x86_64-debian-clang | 1.1.2 | 12.40 | 225.17 | 237.57 | NOTE | |
r-devel-linux-x86_64-debian-gcc | 1.1.2 | 6.79 | 177.49 | 184.28 | NOTE | |
r-devel-linux-x86_64-fedora-clang | 1.1.2 | 306.33 | NOTE | |||
r-devel-linux-x86_64-fedora-gcc | 1.1.2 | 327.47 | NOTE | |||
r-devel-windows-x86_64 | 1.1.2 | 12.00 | 196.00 | 208.00 | NOTE | |
r-patched-linux-x86_64 | 1.1.2 | 11.91 | 233.22 | 245.13 | NOTE | |
r-release-linux-x86_64 | 1.1.2 | 12.09 | 232.32 | 244.41 | NOTE | |
r-release-macos-arm64 | 1.1.2 | 120.00 | NOTE | |||
r-release-macos-x86_64 | 1.1.2 | 222.00 | NOTE | |||
r-release-windows-x86_64 | 1.1.2 | 16.00 | 243.00 | 259.00 | NOTE | |
r-oldrel-macos-arm64 | 1.1.2 | 87.00 | NOTE | |||
r-oldrel-macos-x86_64 | 1.1.2 | 126.00 | NOTE | |||
r-oldrel-windows-x86_64 | 1.1.2 | 15.00 | 241.00 | 256.00 | NOTE |
Version: 1.1.2
Check: package dependencies
Result: NOTE
Packages which this enhances but not available for checking:
'CirceR', 'Capr'
Flavors: r-devel-linux-x86_64-debian-clang, r-devel-linux-x86_64-debian-gcc, r-devel-linux-x86_64-fedora-clang, r-devel-linux-x86_64-fedora-gcc, r-devel-windows-x86_64, r-patched-linux-x86_64, r-release-linux-x86_64, r-release-macos-arm64, r-release-macos-x86_64, r-release-windows-x86_64, r-oldrel-macos-arm64, r-oldrel-macos-x86_64, r-oldrel-windows-x86_64