Last updated on 2023-03-29 19:53:17 CEST.
Flavor | Version | Tinstall | Tcheck | Ttotal | Status | Flags |
---|---|---|---|---|---|---|
r-devel-linux-x86_64-debian-clang | 0.5.1 | 8.64 | 238.81 | 247.45 | NOTE | |
r-devel-linux-x86_64-debian-gcc | 0.5.1 | 6.45 | 189.58 | 196.03 | NOTE | |
r-devel-linux-x86_64-fedora-clang | 0.5.1 | 285.13 | NOTE | |||
r-devel-linux-x86_64-fedora-gcc | 0.5.1 | 308.52 | NOTE | |||
r-devel-windows-x86_64 | 0.5.1 | 95.00 | 285.00 | 380.00 | NOTE | |
r-patched-linux-x86_64 | 0.5.1 | 7.22 | 229.08 | 236.30 | NOTE | |
r-release-linux-x86_64 | 0.5.1 | 8.84 | 235.48 | 244.32 | NOTE | |
r-release-macos-arm64 | 0.5.1 | 70.00 | NOTE | |||
r-release-macos-x86_64 | 0.5.1 | 154.00 | NOTE | |||
r-release-windows-x86_64 | 0.5.1 | 101.00 | 283.00 | 384.00 | NOTE | |
r-oldrel-macos-arm64 | 0.5.1 | 89.00 | NOTE | |||
r-oldrel-macos-x86_64 | 0.5.1 | 263.00 | NOTE | |||
r-oldrel-windows-ix86+x86_64 | 0.5.1 | 21.00 | 272.00 | 293.00 | NOTE |
Version: 0.5.1
Check: package dependencies
Result: NOTE
Package which this enhances but not available for checking: ‘CirceR’
Flavors: r-devel-linux-x86_64-debian-clang, r-devel-linux-x86_64-debian-gcc, r-devel-linux-x86_64-fedora-clang, r-devel-linux-x86_64-fedora-gcc, r-devel-windows-x86_64, r-patched-linux-x86_64, r-release-linux-x86_64, r-release-macos-arm64, r-release-macos-x86_64, r-release-windows-x86_64, r-oldrel-macos-arm64, r-oldrel-macos-x86_64, r-oldrel-windows-ix86+x86_64