CRAN Package Check Results for Package CDROM

Last updated on 2020-09-30 19:49:02 CEST.

Flavor Version Tinstall Tcheck Ttotal Status Flags
r-devel-linux-x86_64-debian-clang 1.1 2.13 21.79 23.92 NOTE
r-devel-linux-x86_64-debian-gcc 1.1 2.10 17.21 19.31 NOTE
r-devel-linux-x86_64-fedora-clang 1.1 38.62 NOTE
r-devel-linux-x86_64-fedora-gcc 1.1 30.23 NOTE
r-devel-windows-ix86+x86_64 1.1 5.00 35.00 40.00 OK
r-patched-linux-x86_64 1.1 2.61 21.16 23.77 NOTE
r-patched-solaris-x86 1.1 44.20 NOTE
r-release-linux-x86_64 1.1 2.56 21.09 23.65 NOTE
r-release-macos-x86_64 1.1 OK
r-release-windows-ix86+x86_64 1.1 5.00 32.00 37.00 OK
r-oldrel-macos-x86_64 1.1 OK
r-oldrel-windows-ix86+x86_64 1.1 6.00 41.00 47.00 OK

Check Details

Version: 1.1
Check: for non-standard things in the check directory
Result: NOTE
    Found the following files/directories:
     'out.png' 'out1.txt' 'out2.txt'
Flavors: r-devel-linux-x86_64-debian-clang, r-devel-linux-x86_64-debian-gcc, r-devel-linux-x86_64-fedora-clang, r-devel-linux-x86_64-fedora-gcc, r-patched-linux-x86_64, r-patched-solaris-x86, r-release-linux-x86_64