Last updated on 2023-04-02 04:51:14 CEST.
Flavor | Version | Tinstall | Tcheck | Ttotal | Status | Flags |
---|---|---|---|---|---|---|
r-devel-linux-x86_64-debian-clang | 1.90 | 6.13 | 42.85 | 48.98 | OK | |
r-devel-linux-x86_64-debian-gcc | 1.90 | 4.26 | 32.86 | 37.12 | OK | |
r-devel-linux-x86_64-fedora-clang | 1.90 | 65.56 | NOTE | |||
r-devel-linux-x86_64-fedora-gcc | 1.90 | 58.74 | NOTE | |||
r-devel-windows-x86_64 | 1.90 | 13.00 | 94.00 | 107.00 | OK | |
r-patched-linux-x86_64 | 1.90 | 5.62 | 41.65 | 47.27 | OK | |
r-release-linux-x86_64 | 1.90 | 4.22 | 39.02 | 43.24 | OK | |
r-release-macos-arm64 | 1.90 | 37.00 | NOTE | |||
r-release-macos-x86_64 | 1.90 | 56.00 | NOTE | |||
r-release-windows-x86_64 | 1.90 | 28.00 | 92.00 | 120.00 | OK | |
r-oldrel-macos-arm64 | 1.90 | 43.00 | NOTE | |||
r-oldrel-macos-x86_64 | 1.90 | 56.00 | NOTE | |||
r-oldrel-windows-ix86+x86_64 | 1.90 | 11.00 | 74.00 | 85.00 | OK |
Version: 1.90
Check: data for non-ASCII characters
Result: NOTE
Note: found 907 marked UTF-8 strings
Flavors: r-devel-linux-x86_64-fedora-clang, r-devel-linux-x86_64-fedora-gcc, r-release-macos-arm64, r-release-macos-x86_64, r-oldrel-macos-arm64, r-oldrel-macos-x86_64