CRAN Package Check Results for Package CEDARS

Last updated on 2022-11-27 06:52:52 CET.

Flavor Version Tinstall Tcheck Ttotal Status Flags
r-devel-linux-x86_64-debian-clang 1.90 5.45 44.30 49.75 OK
r-devel-linux-x86_64-debian-gcc 1.90 3.57 33.84 37.41 OK
r-devel-linux-x86_64-fedora-clang 1.90 75.09 NOTE
r-devel-linux-x86_64-fedora-gcc 1.90 68.20 NOTE
r-devel-windows-x86_64 1.90 40.00 92.00 132.00 OK
r-patched-linux-x86_64 1.90 6.72 39.27 45.99 OK
r-release-linux-x86_64 1.90 4.74 38.99 43.73 OK
r-release-macos-arm64 1.90 37.00 NOTE
r-release-macos-x86_64 1.90 56.00 NOTE
r-release-windows-x86_64 1.90 28.00 83.00 111.00 OK
r-oldrel-macos-arm64 1.90 43.00 NOTE
r-oldrel-macos-x86_64 1.90 56.00 NOTE
r-oldrel-windows-ix86+x86_64 1.90 11.00 75.00 86.00 OK

Check Details

Version: 1.90
Check: data for non-ASCII characters
Result: NOTE
     Note: found 907 marked UTF-8 strings
Flavors: r-devel-linux-x86_64-fedora-clang, r-devel-linux-x86_64-fedora-gcc, r-release-macos-arm64, r-release-macos-x86_64, r-oldrel-macos-arm64, r-oldrel-macos-x86_64