CRAN Package Check Results for Package CEDARS

Last updated on 2022-05-25 08:58:45 CEST.

Flavor Version Tinstall Tcheck Ttotal Status Flags
r-devel-linux-x86_64-debian-clang 1.90 4.56 47.46 52.02 OK
r-devel-linux-x86_64-debian-gcc 1.90 3.99 36.50 40.49 OK
r-devel-linux-x86_64-fedora-clang 1.90 64.79 NOTE
r-devel-linux-x86_64-fedora-gcc 1.90 66.74 NOTE
r-devel-windows-x86_64 1.90 26.00 79.00 105.00 OK
r-patched-linux-x86_64 1.90 6.13 45.81 51.94 OK
r-release-linux-x86_64 1.90 OK
r-release-macos-arm64 1.90 37.00 NOTE
r-release-macos-x86_64 1.90 56.00 NOTE
r-release-windows-x86_64 1.90 27.00 76.00 103.00 OK
r-oldrel-macos-arm64 1.90 43.00 NOTE
r-oldrel-macos-x86_64 1.90 56.00 NOTE
r-oldrel-windows-ix86+x86_64 1.90 11.00 68.00 79.00 OK

Check Details

Version: 1.90
Check: data for non-ASCII characters
Result: NOTE
     Note: found 907 marked UTF-8 strings
Flavors: r-devel-linux-x86_64-fedora-clang, r-devel-linux-x86_64-fedora-gcc, r-release-macos-arm64, r-release-macos-x86_64, r-oldrel-macos-arm64, r-oldrel-macos-x86_64