CRAN Package Check Results for Package CENFA

Last updated on 2020-09-22 06:47:19 CEST.

Flavor Version Tinstall Tcheck Ttotal Status Flags
r-devel-linux-x86_64-debian-clang 1.1.0 41.81 131.39 173.20 OK
r-devel-linux-x86_64-debian-gcc 1.1.0 0.40 2.37 2.77 ERROR
r-devel-linux-x86_64-fedora-clang 1.1.0 220.61 OK
r-devel-linux-x86_64-fedora-gcc 1.1.0 247.25 OK
r-devel-windows-ix86+x86_64 1.1.0 84.00 244.00 328.00 OK
r-patched-linux-x86_64 1.1.0 32.14 126.13 158.27 OK
r-patched-solaris-x86 1.1.0 280.90 OK
r-release-linux-x86_64 1.1.0 30.50 128.24 158.74 OK
r-release-macos-x86_64 1.1.0 OK
r-release-windows-ix86+x86_64 1.1.0 86.00 248.00 334.00 OK
r-oldrel-macos-x86_64 1.1.0 OK
r-oldrel-windows-ix86+x86_64 1.1.0 53.00 245.00 298.00 OK

Check Details

Version: 1.1.0
Check: whether package can be installed
Result: ERROR
    Installation failed.
Flavor: r-devel-linux-x86_64-debian-gcc