CRAN Package Check Results for Package CGE

Last updated on 2024-07-18 06:57:20 CEST.

Flavor Version Tinstall Tcheck Ttotal Status Flags
r-devel-linux-x86_64-debian-clang 0.3.3 5.00 56.12 61.12 NOTE
r-devel-linux-x86_64-debian-gcc 0.3.3 4.22 40.52 44.74 NOTE
r-devel-linux-x86_64-fedora-clang 0.3.3 75.53 NOTE
r-devel-linux-x86_64-fedora-gcc 0.3.3 69.72 NOTE
r-devel-windows-x86_64 0.3.3 7.00 67.00 74.00 NOTE
r-patched-linux-x86_64 0.3.3 6.07 52.30 58.37 NOTE
r-release-linux-x86_64 0.3.3 5.36 52.94 58.30 NOTE
r-release-macos-arm64 0.3.3 23.00 NOTE
r-release-macos-x86_64 0.3.3 41.00 NOTE
r-release-windows-x86_64 0.3.3 6.00 66.00 72.00 NOTE
r-oldrel-macos-arm64 0.3.3 22.00 NOTE
r-oldrel-macos-x86_64 0.3.3 39.00 NOTE
r-oldrel-windows-x86_64 0.3.3 10.00 76.00 86.00 NOTE

Check Details

Version: 0.3.3
Check: LazyData
Result: NOTE 'LazyData' is specified without a 'data' directory Flavors: r-devel-linux-x86_64-debian-clang, r-devel-linux-x86_64-debian-gcc, r-devel-linux-x86_64-fedora-clang, r-devel-linux-x86_64-fedora-gcc, r-devel-windows-x86_64, r-patched-linux-x86_64, r-release-linux-x86_64, r-release-macos-arm64, r-release-macos-x86_64, r-release-windows-x86_64, r-oldrel-macos-arm64, r-oldrel-macos-x86_64, r-oldrel-windows-x86_64