Last updated on 2023-02-07 21:54:11 CET.
Flavor | Version | Tinstall | Tcheck | Ttotal | Status | Flags |
---|---|---|---|---|---|---|
r-devel-linux-x86_64-debian-clang | 0.4 | 3.35 | 24.82 | 28.17 | OK | |
r-devel-linux-x86_64-debian-gcc | 0.4 | 2.58 | 19.82 | 22.40 | OK | |
r-devel-linux-x86_64-fedora-clang | 0.4 | 35.70 | NOTE | |||
r-devel-linux-x86_64-fedora-gcc | 0.4 | 35.54 | NOTE | |||
r-devel-windows-x86_64 | 0.4 | 23.00 | 57.00 | 80.00 | OK | |
r-patched-linux-x86_64 | 0.4 | 2.47 | 25.29 | 27.76 | OK | |
r-release-linux-x86_64 | 0.4 | 2.52 | 25.28 | 27.80 | OK | |
r-release-macos-arm64 | 0.4 | 17.00 | OK | |||
r-release-macos-x86_64 | 0.4 | 22.00 | OK | |||
r-release-windows-x86_64 | 0.4 | 22.00 | 61.00 | 83.00 | OK | |
r-oldrel-macos-arm64 | 0.4 | 23.00 | OK | |||
r-oldrel-macos-x86_64 | 0.4 | 28.00 | OK | |||
r-oldrel-windows-ix86+x86_64 | 0.4 | 10.00 | 64.00 | 74.00 | OK |
Version: 0.4
Check: compiled code
Result: NOTE
File ‘CHsharp/libs/CHsharp.so’:
Found no calls to: ‘R_registerRoutines’, ‘R_useDynamicSymbols’
It is good practice to register native routines and to disable symbol
search.
See ‘Writing portable packages’ in the ‘Writing R Extensions’ manual.
Flavors: r-devel-linux-x86_64-fedora-clang, r-devel-linux-x86_64-fedora-gcc