CRAN Package Check Results for Package CHsharp

Last updated on 2021-10-28 18:51:06 CEST.

Flavor Version Tinstall Tcheck Ttotal Status Flags
r-devel-linux-x86_64-debian-clang 0.4 2.75 23.04 25.79 OK
r-devel-linux-x86_64-debian-gcc 0.4 2.14 18.36 20.50 OK
r-devel-linux-x86_64-fedora-clang 0.4 42.88 NOTE
r-devel-linux-x86_64-fedora-gcc 0.4 32.04 NOTE
r-devel-windows-x86_64 0.4 7.00 42.00 49.00 OK
r-devel-windows-x86_64-gcc10-UCRT 0.4 OK
r-patched-linux-x86_64 0.4 2.70 22.33 25.03 OK
r-patched-solaris-x86 0.4 51.00 OK
r-release-linux-x86_64 0.4 2.38 22.45 24.83 OK
r-release-macos-arm64 0.4 OK
r-release-macos-x86_64 0.4 OK
r-release-windows-ix86+x86_64 0.4 7.00 48.00 55.00 OK
r-oldrel-macos-x86_64 0.4 OK
r-oldrel-windows-ix86+x86_64 0.4 7.00 51.00 58.00 OK

Check Details

Version: 0.4
Check: compiled code
Result: NOTE
    File ‘CHsharp/libs/CHsharp.so’:
     Found no calls to: ‘R_registerRoutines’, ‘R_useDynamicSymbols’
    
    It is good practice to register native routines and to disable symbol
    search.
    
    See ‘Writing portable packages’ in the ‘Writing R Extensions’ manual.
Flavors: r-devel-linux-x86_64-fedora-clang, r-devel-linux-x86_64-fedora-gcc