CRAN Package Check Results for Package CIARA

Last updated on 2022-06-29 13:50:01 CEST.

Flavor Version Tinstall Tcheck Ttotal Status Flags
r-devel-linux-x86_64-debian-clang 0.1.0 11.10 122.01 133.11 OK
r-devel-linux-x86_64-debian-gcc 0.1.0 7.23 91.21 98.44 OK
r-devel-linux-x86_64-fedora-clang 0.1.0 163.58 NOTE
r-devel-linux-x86_64-fedora-gcc 0.1.0 159.24 OK
r-devel-windows-x86_64 0.1.0 23.00 140.00 163.00 NOTE
r-patched-linux-x86_64 0.1.0 5.17 115.90 121.07 OK
r-release-linux-x86_64 0.1.0 5.95 111.83 117.78 OK
r-release-macos-arm64 0.1.0 57.00 NOTE
r-release-macos-x86_64 0.1.0 84.00 NOTE
r-release-windows-x86_64 0.1.0 27.00 147.00 174.00 NOTE
r-oldrel-macos-arm64 0.1.0 43.00 NOTE
r-oldrel-macos-x86_64 0.1.0 66.00 NOTE
r-oldrel-windows-ix86+x86_64 0.1.0 22.00 156.00 178.00 NOTE

Check Details

Version: 0.1.0
Check: installed package size
Result: NOTE
     installed size is 8.0Mb
     sub-directories of 1Mb or more:
     doc 5.7Mb
     extdata 2.1Mb
Flavors: r-devel-linux-x86_64-fedora-clang, r-devel-windows-x86_64, r-release-macos-arm64, r-release-macos-x86_64, r-release-windows-x86_64, r-oldrel-macos-arm64, r-oldrel-macos-x86_64, r-oldrel-windows-ix86+x86_64