Last updated on 2023-09-26 11:09:56 CEST.
Flavor | Version | Tinstall | Tcheck | Ttotal | Status | Flags |
---|---|---|---|---|---|---|
r-devel-linux-x86_64-debian-clang | 0.1.1 | 3.35 | 64.06 | 67.41 | NOTE | |
r-devel-linux-x86_64-debian-gcc | 0.1.1 | 2.81 | 47.44 | 50.25 | NOTE | |
r-devel-linux-x86_64-fedora-clang | 0.1.1 | 82.75 | NOTE | |||
r-devel-linux-x86_64-fedora-gcc | 0.1.1 | 92.15 | NOTE | |||
r-devel-windows-x86_64 | 0.1.1 | 5.00 | 75.00 | 80.00 | NOTE | |
r-patched-linux-x86_64 | 0.1.1 | 4.20 | 62.29 | 66.49 | NOTE | |
r-release-linux-x86_64 | 0.1.1 | 3.84 | 62.00 | 65.84 | NOTE | |
r-release-macos-arm64 | 0.1.1 | 34.00 | NOTE | |||
r-release-macos-x86_64 | 0.1.1 | 53.00 | NOTE | |||
r-release-windows-x86_64 | 0.1.1 | 5.00 | 79.00 | 84.00 | NOTE | |
r-oldrel-macos-arm64 | 0.1.1 | 30.00 | NOTE | |||
r-oldrel-macos-x86_64 | 0.1.1 | 37.00 | NOTE | |||
r-oldrel-windows-x86_64 | 0.1.1 | 5.00 | 81.00 | 86.00 | NOTE |
Version: 0.1.1
Check: LazyData
Result: NOTE
'LazyData' is specified without a 'data' directory
Flavors: r-devel-linux-x86_64-debian-clang, r-devel-linux-x86_64-debian-gcc, r-devel-linux-x86_64-fedora-clang, r-devel-linux-x86_64-fedora-gcc, r-devel-windows-x86_64, r-patched-linux-x86_64, r-release-linux-x86_64, r-release-macos-arm64, r-release-macos-x86_64, r-release-windows-x86_64, r-oldrel-macos-arm64, r-oldrel-macos-x86_64, r-oldrel-windows-x86_64