CRAN Package Check Results for Package CIS.DGLM

Last updated on 2024-07-12 12:54:57 CEST.

Flavor Version Tinstall Tcheck Ttotal Status Flags
r-devel-linux-x86_64-debian-clang 0.1.0 6.19 75.91 82.10 OK
r-devel-linux-x86_64-debian-gcc 0.1.0 4.01 53.61 57.62 OK
r-devel-linux-x86_64-fedora-clang 0.1.0 97.25 NOTE
r-devel-linux-x86_64-fedora-gcc 0.1.0 90.76 NOTE
r-devel-windows-x86_64 0.1.0 7.00 72.00 79.00 OK
r-patched-linux-x86_64 0.1.0 5.02 71.79 76.81 OK
r-release-linux-x86_64 0.1.0 3.64 71.42 75.06 OK
r-release-macos-arm64 0.1.0 26.00 OK
r-release-macos-x86_64 0.1.0 58.00 OK
r-release-windows-x86_64 0.1.0 6.00 71.00 77.00 OK
r-oldrel-macos-arm64 0.1.0 31.00 OK
r-oldrel-macos-x86_64 0.1.0 48.00 OK
r-oldrel-windows-x86_64 0.1.0 8.00 81.00 89.00 OK

Check Details

Version: 0.1.0
Check: dependencies in R code
Result: NOTE Namespace in Imports field not imported from: ‘RColorBrewer’ All declared Imports should be used. Flavors: r-devel-linux-x86_64-fedora-clang, r-devel-linux-x86_64-fedora-gcc