CRAN Package Check Results for Package CIplot

Last updated on 2017-12-18 07:46:55 CET.

Flavor Version Tinstall Tcheck Ttotal Status Flags
r-devel-linux-x86_64-debian-clang 1.0 3.33 43.55 46.88 OK
r-devel-linux-x86_64-debian-gcc OK
r-devel-linux-x86_64-fedora-clang 1.0 69.03 OK
r-devel-linux-x86_64-fedora-gcc 1.0 66.72 OK
r-devel-windows-ix86+x86_64 1.0 6.00 58.00 64.00 OK
r-patched-linux-x86_64 1.0 3.36 52.25 55.61 OK
r-patched-solaris-x86 1.0 109.00 NOTE
r-release-linux-x86_64 1.0 3.09 51.58 54.67 OK
r-release-windows-ix86+x86_64 1.0 6.00 61.00 67.00 OK
r-release-osx-x86_64 1.0 OK
r-oldrel-windows-ix86+x86_64 1.0 8.00 76.00 84.00 OK
r-oldrel-osx-x86_64 1.0 OK

Check Details

Version: 1.0
Check: package dependencies
Result: NOTE
    Package suggested but not available for checking: ‘userfriendlyscience’
Flavor: r-patched-solaris-x86