CRAN Package Check Results for Package CJAMP

Last updated on 2021-10-15 22:54:10 CEST.

Flavor Version Tinstall Tcheck Ttotal Status Flags
r-devel-linux-x86_64-debian-clang 0.1.1 3.22 140.72 143.94 NOTE
r-devel-linux-x86_64-debian-gcc 0.1.1 2.96 99.77 102.73 NOTE
r-devel-linux-x86_64-fedora-clang 0.1.1 182.81 NOTE
r-devel-linux-x86_64-fedora-gcc 0.1.1 173.27 NOTE
r-devel-windows-x86_64 0.1.1 7.00 159.00 166.00 NOTE
r-devel-windows-x86_64-gcc10-UCRT 0.1.1 NOTE
r-patched-linux-x86_64 0.1.1 3.87 135.03 138.90 NOTE
r-patched-solaris-x86 0.1.1 70.90 NOTE
r-release-linux-x86_64 0.1.1 3.34 135.64 138.98 NOTE
r-release-macos-arm64 0.1.1 NOTE
r-release-macos-x86_64 0.1.1 NOTE
r-release-windows-ix86+x86_64 0.1.1 8.00 174.00 182.00 NOTE
r-oldrel-macos-x86_64 0.1.1 OK
r-oldrel-windows-ix86+x86_64 0.1.1 8.00 172.00 180.00 OK

Check Details

Version: 0.1.1
Check: LazyData
Result: NOTE
     'LazyData' is specified without a 'data' directory
Flavors: r-devel-linux-x86_64-debian-clang, r-devel-linux-x86_64-debian-gcc, r-devel-linux-x86_64-fedora-clang, r-devel-linux-x86_64-fedora-gcc, r-devel-windows-x86_64, r-devel-windows-x86_64-gcc10-UCRT, r-patched-linux-x86_64, r-patched-solaris-x86, r-release-linux-x86_64, r-release-macos-arm64, r-release-macos-x86_64, r-release-windows-ix86+x86_64