CRAN Package Check Results for Package CJAMP

Last updated on 2021-08-04 00:49:00 CEST.

Flavor Version Tinstall Tcheck Ttotal Status Flags
r-devel-linux-x86_64-debian-clang 0.1.1 4.13 144.85 148.98 NOTE
r-devel-linux-x86_64-debian-gcc 0.1.1 3.04 98.98 102.02 NOTE
r-devel-linux-x86_64-fedora-clang 0.1.1 174.10 NOTE
r-devel-linux-x86_64-fedora-gcc 0.1.1 169.31 NOTE
r-devel-windows-x86_64 0.1.1 6.00 154.00 160.00 NOTE
r-devel-windows-x86_64-gcc10-UCRT 0.1.1 NOTE
r-patched-linux-x86_64 0.1.1 4.02 132.92 136.94 NOTE
r-patched-solaris-x86 0.1.1 187.50 NOTE
r-release-linux-x86_64 0.1.1 3.22 136.08 139.30 NOTE
r-release-macos-arm64 0.1.1 NOTE
r-release-macos-x86_64 0.1.1 NOTE
r-release-windows-ix86+x86_64 0.1.1 8.00 173.00 181.00 NOTE
r-oldrel-macos-x86_64 0.1.1 OK
r-oldrel-windows-ix86+x86_64 0.1.1 6.00 173.00 179.00 OK

Check Details

Version: 0.1.1
Check: LazyData
Result: NOTE
     'LazyData' is specified without a 'data' directory
Flavors: r-devel-linux-x86_64-debian-clang, r-devel-linux-x86_64-debian-gcc, r-devel-linux-x86_64-fedora-clang, r-devel-linux-x86_64-fedora-gcc, r-devel-windows-x86_64, r-devel-windows-x86_64-gcc10-UCRT, r-patched-linux-x86_64, r-patched-solaris-x86, r-release-linux-x86_64, r-release-macos-arm64, r-release-macos-x86_64, r-release-windows-ix86+x86_64