CRAN Package Check Results for Package CKAT

Last updated on 2021-04-13 14:47:26 CEST.

Flavor Version Tinstall Tcheck Ttotal Status Flags
r-devel-linux-x86_64-debian-clang 0.1.0 2.66 25.02 27.68 NOTE
r-devel-linux-x86_64-debian-gcc 0.1.0 1.86 19.63 21.49 NOTE
r-devel-linux-x86_64-fedora-clang 0.1.0 44.29 NOTE
r-devel-linux-x86_64-fedora-gcc 0.1.0 35.70 NOTE
r-devel-windows-ix86+x86_64 0.1.0 5.00 39.00 44.00 NOTE
r-devel-windows-x86_64-gcc10-UCRT 0.1.0 NOTE
r-patched-linux-x86_64 0.1.0 2.02 23.86 25.88 OK
r-patched-solaris-x86 0.1.0 54.70 OK
r-release-linux-x86_64 0.1.0 2.29 24.17 26.46 OK
r-release-macos-x86_64 0.1.0 OK
r-release-windows-ix86+x86_64 0.1.0 5.00 38.00 43.00 OK
r-oldrel-macos-x86_64 0.1.0 OK
r-oldrel-windows-ix86+x86_64 0.1.0 6.00 45.00 51.00 OK

Check Details

Version: 0.1.0
Check: LazyData
Result: NOTE
     'LazyData' is specified without a 'data' directory
Flavors: r-devel-linux-x86_64-debian-clang, r-devel-linux-x86_64-debian-gcc, r-devel-linux-x86_64-fedora-clang, r-devel-linux-x86_64-fedora-gcc, r-devel-windows-ix86+x86_64, r-devel-windows-x86_64-gcc10-UCRT