CRAN Package Check Results for Package CKLRT

Last updated on 2019-08-20 22:47:13 CEST.

Flavor Version Tinstall Tcheck Ttotal Status Flags
r-devel-linux-x86_64-debian-clang 0.2.3 46.90 66.21 113.11 OK
r-devel-linux-x86_64-debian-gcc 0.2.3 39.01 53.07 92.08 OK
r-devel-linux-x86_64-fedora-clang 0.2.3 151.98 NOTE
r-devel-linux-x86_64-fedora-gcc 0.2.3 151.43 OK
r-devel-windows-ix86+x86_64 0.2.3 96.00 150.00 246.00 OK
r-patched-linux-x86_64 0.2.3 46.75 66.14 112.89 OK
r-patched-solaris-x86 0.2.3 191.40 OK
r-release-linux-x86_64 0.2.3 41.77 65.76 107.53 OK
r-release-windows-ix86+x86_64 0.2.3 71.00 111.00 182.00 OK
r-release-osx-x86_64 0.2.3 NOTE
r-oldrel-windows-ix86+x86_64 0.2.3 85.00 148.00 233.00 OK
r-oldrel-osx-x86_64 0.2.3 NOTE

Check Details

Version: 0.2.3
Check: installed package size
Result: NOTE
     installed size is 13.1Mb
     sub-directories of 1Mb or more:
     libs 12.8Mb
Flavors: r-devel-linux-x86_64-fedora-clang, r-release-osx-x86_64, r-oldrel-osx-x86_64