CRAN Package Check Results for Package CKLRT

Last updated on 2019-05-23 16:50:55 CEST.

Flavor Version Tinstall Tcheck Ttotal Status Flags
r-devel-linux-x86_64-debian-clang 0.2.3 42.43 64.37 106.80 OK
r-devel-linux-x86_64-debian-gcc 0.2.3 41.05 53.56 94.61 OK
r-devel-linux-x86_64-fedora-clang 0.2.3 156.63 NOTE
r-devel-linux-x86_64-fedora-gcc 0.2.3 155.00 OK
r-devel-windows-ix86+x86_64 0.2.3 69.00 149.00 218.00 OK
r-patched-linux-x86_64 0.2.3 46.43 67.84 114.27 OK
r-patched-solaris-x86 0.2.3 185.40 OK
r-release-linux-x86_64 0.2.3 46.40 68.90 115.30 OK
r-release-windows-ix86+x86_64 0.2.3 92.00 126.00 218.00 OK
r-release-osx-x86_64 0.2.3 NOTE
r-oldrel-windows-ix86+x86_64 0.2.3 65.00 111.00 176.00 OK
r-oldrel-osx-x86_64 0.2.3 NOTE

Check Details

Version: 0.2.3
Check: installed package size
Result: NOTE
     installed size is 13.0Mb
     sub-directories of 1Mb or more:
     libs 12.7Mb
Flavors: r-devel-linux-x86_64-fedora-clang, r-release-osx-x86_64, r-oldrel-osx-x86_64