Last updated on 2023-09-30 11:51:36 CEST.
Flavor | Version | Tinstall | Tcheck | Ttotal | Status | Flags |
---|---|---|---|---|---|---|
r-devel-linux-x86_64-debian-clang | 0.1.0 | 2.44 | 20.04 | 22.48 | NOTE | |
r-devel-linux-x86_64-debian-gcc | 0.1.0 | 1.85 | 15.66 | 17.51 | NOTE | |
r-devel-linux-x86_64-fedora-clang | 0.1.0 | 28.12 | NOTE | |||
r-devel-linux-x86_64-fedora-gcc | 0.1.0 | 27.82 | NOTE | |||
r-devel-windows-x86_64 | 0.1.0 | 4.00 | 38.00 | 42.00 | NOTE | |
r-patched-linux-x86_64 | 0.1.0 | 1.91 | 19.64 | 21.55 | NOTE | |
r-release-linux-x86_64 | 0.1.0 | 1.53 | 19.90 | 21.43 | NOTE | |
r-release-macos-arm64 | 0.1.0 | 16.00 | NOTE | |||
r-release-macos-x86_64 | 0.1.0 | 18.00 | NOTE | |||
r-release-windows-x86_64 | 0.1.0 | 9.00 | 36.00 | 45.00 | NOTE | |
r-oldrel-macos-arm64 | 0.1.0 | 16.00 | NOTE | |||
r-oldrel-macos-x86_64 | 0.1.0 | 22.00 | NOTE | |||
r-oldrel-windows-x86_64 | 0.1.0 | 4.00 | 40.00 | 44.00 | NOTE |
Version: 0.1.0
Check: LazyData
Result: NOTE
'LazyData' is specified without a 'data' directory
Flavors: r-devel-linux-x86_64-debian-clang, r-devel-linux-x86_64-debian-gcc, r-devel-linux-x86_64-fedora-clang, r-devel-linux-x86_64-fedora-gcc, r-devel-windows-x86_64, r-patched-linux-x86_64, r-release-linux-x86_64, r-release-macos-arm64, r-release-macos-x86_64, r-release-windows-x86_64, r-oldrel-macos-arm64, r-oldrel-macos-x86_64, r-oldrel-windows-x86_64
Version: 0.1.0
Check: dependencies in R code
Result: NOTE
Namespaces in Imports field not imported from:
‘MASS’ ‘cluster’ ‘datasets’ ‘dplyr’ ‘klaR’ ‘psycho’ ‘shiny’
All declared Imports should be used.
Flavors: r-devel-linux-x86_64-fedora-clang, r-devel-linux-x86_64-fedora-gcc, r-oldrel-macos-arm64, r-oldrel-macos-x86_64