CRAN Package Check Results for Package CLVTools

Last updated on 2020-09-26 23:46:30 CEST.

Flavor Version Tinstall Tcheck Ttotal Status Flags
r-devel-linux-x86_64-debian-clang 0.7.0 243.09 490.66 733.75 OK
r-devel-linux-x86_64-debian-gcc 0.7.0 177.10 454.70 631.80 OK
r-devel-linux-x86_64-fedora-clang 0.7.0 839.80 NOTE
r-devel-linux-x86_64-fedora-gcc 0.7.0 760.52 OK
r-devel-windows-ix86+x86_64 0.7.0 608.00 547.00 1155.00 OK
r-patched-linux-x86_64 0.7.0 189.33 438.08 627.41 OK
r-patched-solaris-x86 0.7.0 637.40 OK
r-release-linux-x86_64 0.7.0 186.90 463.88 650.78 OK
r-release-macos-x86_64 0.7.0 NOTE
r-release-windows-ix86+x86_64 0.7.0 583.00 643.00 1226.00 OK
r-oldrel-macos-x86_64 0.7.0 NOTE
r-oldrel-windows-ix86+x86_64 0.7.0 536.00 547.00 1083.00 OK

Check Details

Version: 0.7.0
Check: installed package size
Result: NOTE
     installed size is 9.8Mb
     sub-directories of 1Mb or more:
     libs 8.5Mb
Flavors: r-devel-linux-x86_64-fedora-clang, r-release-macos-x86_64, r-oldrel-macos-x86_64