Last updated on 2023-09-29 21:53:49 CEST.
Flavor | Version | Tinstall | Tcheck | Ttotal | Status | Flags |
---|---|---|---|---|---|---|
r-devel-linux-x86_64-debian-clang | 0.1.1 | 7.76 | 28.56 | 36.32 | OK | |
r-devel-linux-x86_64-debian-gcc | 0.1.1 | 7.67 | 22.99 | 30.66 | OK | |
r-devel-linux-x86_64-fedora-clang | 0.1.1 | 48.51 | NOTE | |||
r-devel-linux-x86_64-fedora-gcc | 0.1.1 | 47.30 | NOTE | |||
r-devel-windows-x86_64 | 0.1.1 | 7.00 | 50.00 | 57.00 | NOTE | |
r-patched-linux-x86_64 | 0.1.1 | 7.79 | 28.85 | 36.64 | OK | |
r-release-linux-x86_64 | 0.1.1 | 9.34 | 28.68 | 38.02 | OK | |
r-release-macos-arm64 | 0.1.1 | 25.00 | NOTE | |||
r-release-macos-x86_64 | 0.1.1 | 36.00 | NOTE | |||
r-release-windows-x86_64 | 0.1.1 | 11.00 | 48.00 | 59.00 | NOTE | |
r-oldrel-macos-arm64 | 0.1.1 | 27.00 | NOTE | |||
r-oldrel-macos-x86_64 | 0.1.1 | 33.00 | NOTE | |||
r-oldrel-windows-x86_64 | 0.1.1 | 12.00 | 58.00 | 70.00 | NOTE |
Version: 0.1.1
Check: installed package size
Result: NOTE
installed size is 5.3Mb
sub-directories of 1Mb or more:
data 5.2Mb
Flavors: r-devel-linux-x86_64-fedora-clang, r-devel-windows-x86_64, r-release-macos-arm64, r-release-macos-x86_64, r-release-windows-x86_64, r-oldrel-macos-arm64, r-oldrel-macos-x86_64, r-oldrel-windows-x86_64
Version: 0.1.1
Check: dependencies in R code
Result: NOTE
Namespace in Imports field not imported from: ‘Rdpack’
All declared Imports should be used.
Flavors: r-devel-linux-x86_64-fedora-clang, r-devel-linux-x86_64-fedora-gcc, r-oldrel-macos-x86_64