CRAN Package Check Results for Package CMapViz

Last updated on 2020-07-13 13:48:32 CEST.

Flavor Version Tinstall Tcheck Ttotal Status Flags
r-devel-linux-x86_64-debian-clang 0.1.0 4.78 41.85 46.63 OK
r-devel-linux-x86_64-debian-gcc 0.1.0 4.12 31.56 35.68 OK
r-devel-linux-x86_64-fedora-clang 0.1.0 66.20 OK
r-devel-linux-x86_64-fedora-gcc 0.1.0 60.63 OK
r-devel-windows-ix86+x86_64 0.1.0 15.00 69.00 84.00 OK
r-patched-linux-x86_64 0.1.0 5.19 39.78 44.97 OK
r-patched-solaris-x86 0.1.0 91.20 OK
r-release-linux-x86_64 0.1.0 5.53 40.06 45.59 OK
r-release-macos-x86_64 0.1.0 ERROR
r-release-windows-ix86+x86_64 0.1.0 19.00 83.00 102.00 OK
r-oldrel-macos-x86_64 0.1.0 OK
r-oldrel-windows-ix86+x86_64 0.1.0 18.00 48.00 66.00 OK

Check Details

Version: 0.1.0
Check: whether package can be installed
Result: ERROR
    Installation failed.
Flavor: r-release-macos-x86_64