CRAN Package Check Results for Package CMplot

Last updated on 2019-08-24 22:46:22 CEST.

Flavor Version Tinstall Tcheck Ttotal Status Flags
r-devel-linux-x86_64-debian-clang 3.3.3 6.89 29.78 36.67 NOTE
r-devel-linux-x86_64-debian-gcc 3.3.3 5.09 23.37 28.46 NOTE
r-devel-linux-x86_64-fedora-clang 3.3.3 45.14 NOTE
r-devel-linux-x86_64-fedora-gcc 3.3.3 42.65 NOTE
r-devel-windows-ix86+x86_64 3.3.3 18.00 50.00 68.00 OK
r-patched-linux-x86_64 3.3.3 5.14 29.38 34.52 OK
r-patched-solaris-x86 3.3.3 63.60 OK
r-release-linux-x86_64 3.3.3 5.66 29.71 35.37 OK
r-release-windows-ix86+x86_64 3.3.3 11.00 52.00 63.00 OK
r-release-osx-x86_64 3.3.3 OK
r-oldrel-windows-ix86+x86_64 3.3.3 7.00 34.00 41.00 OK
r-oldrel-osx-x86_64 3.3.3 OK

Check Details

Version: 3.3.3
Check: for non-standard things in the check directory
Result: NOTE
    Found the following files/directories:
     'Rectangular-Manhattan.trait1.jpg'
Flavors: r-devel-linux-x86_64-debian-clang, r-devel-linux-x86_64-debian-gcc, r-devel-linux-x86_64-fedora-clang, r-devel-linux-x86_64-fedora-gcc