Last updated on 2023-02-06 23:02:09 CET.
Flavor | Version | Tinstall | Tcheck | Ttotal | Status | Flags |
---|---|---|---|---|---|---|
r-devel-linux-x86_64-debian-clang | 0.1-2 | 2.15 | 31.17 | 33.32 | OK | |
r-devel-linux-x86_64-debian-gcc | 0.1-2 | 2.10 | 23.04 | 25.14 | OK | |
r-devel-linux-x86_64-fedora-clang | 0.1-2 | 42.53 | NOTE | |||
r-devel-linux-x86_64-fedora-gcc | 0.1-2 | 43.85 | OK | |||
r-devel-windows-x86_64 | 0.1-2 | 9.00 | 58.00 | 67.00 | OK | |
r-patched-linux-x86_64 | 0.1-2 | 3.30 | 30.08 | 33.38 | OK | |
r-release-linux-x86_64 | 0.1-2 | 2.05 | 30.33 | 32.38 | OK | |
r-release-macos-arm64 | 0.1-2 | 15.00 | OK | |||
r-release-macos-x86_64 | 0.1-2 | 22.00 | OK | |||
r-release-windows-x86_64 | 0.1-2 | 12.00 | 63.00 | 75.00 | OK | |
r-oldrel-macos-arm64 | 0.1-2 | 24.00 | OK | |||
r-oldrel-macos-x86_64 | 0.1-2 | 24.00 | OK | |||
r-oldrel-windows-ix86+x86_64 | 0.1-2 | 8.00 | 56.00 | 64.00 | OK |
Version: 0.1-2
Check: Rd cross-references
Result: NOTE
Undeclared package ‘wavethresh’ in Rd xrefs
Flavor: r-devel-linux-x86_64-fedora-clang