CRAN Package Check Results for Package CNVScope

Last updated on 2022-12-09 18:53:21 CET.

Flavor Version Tinstall Tcheck Ttotal Status Flags
r-devel-linux-x86_64-debian-clang 3.7.2 75.67 721.58 797.25 OK
r-devel-linux-x86_64-debian-gcc 3.7.2 69.75 555.55 625.30 OK
r-devel-linux-x86_64-fedora-clang 3.7.2 1061.19 NOTE
r-devel-linux-x86_64-fedora-gcc 3.7.2 1056.57 NOTE
r-devel-windows-x86_64 3.7.2 103.00 795.00 898.00 NOTE
r-patched-linux-x86_64 3.7.2 73.32 705.44 778.76 OK
r-release-linux-x86_64 3.7.2 77.51 652.60 730.11 OK
r-release-macos-arm64 3.7.2 6.00 ERROR
r-release-macos-x86_64 3.7.2 398.00 NOTE
r-release-windows-x86_64 3.7.2 105.00 707.00 812.00 NOTE
r-oldrel-macos-arm64 3.7.2 254.00 NOTE
r-oldrel-macos-x86_64 3.7.2 317.00 NOTE
r-oldrel-windows-ix86+x86_64 3.7.2 152.00 739.00 891.00 NOTE

Check Details

Version: 3.7.2
Check: installed package size
Result: NOTE
     installed size is 5.3Mb
     sub-directories of 1Mb or more:
     doc 3.2Mb
     extdata 1.7Mb
Flavors: r-devel-linux-x86_64-fedora-clang, r-devel-windows-x86_64, r-release-macos-x86_64, r-release-windows-x86_64, r-oldrel-macos-arm64, r-oldrel-macos-x86_64, r-oldrel-windows-ix86+x86_64

Version: 3.7.2
Check: dependencies in R code
Result: NOTE
    Namespace in Imports field not imported from: 'Hmisc'
     All declared Imports should be used.
Flavors: r-devel-linux-x86_64-fedora-clang, r-devel-linux-x86_64-fedora-gcc, r-release-macos-x86_64, r-oldrel-macos-arm64, r-oldrel-macos-x86_64

Version: 3.7.2
Check: package dependencies
Result: ERROR
    Package required but not available: ‘GenomicInteractions’
    
    Package suggested but not available for checking: ‘BSgenome.Hsapiens.UCSC.hg19’
    
    See section ‘The DESCRIPTION file’ in the ‘Writing R Extensions’
    manual.
Flavor: r-release-macos-arm64

Version: 3.7.2
Check: package dependencies
Result: NOTE
    Package suggested but not available for checking: ‘BSgenome.Hsapiens.UCSC.hg19’
Flavor: r-release-macos-x86_64