CRAN Package Check Results for Package COUSCOus

Last updated on 2021-10-17 10:49:10 CEST.

Flavor Version Tinstall Tcheck Ttotal Status Flags
r-devel-linux-x86_64-debian-clang 1.0.0 3.85 32.90 36.75 OK
r-devel-linux-x86_64-debian-gcc 1.0.0 2.84 26.24 29.08 OK
r-devel-linux-x86_64-fedora-clang 1.0.0 55.99 NOTE
r-devel-linux-x86_64-fedora-gcc 1.0.0 44.30 NOTE
r-devel-windows-x86_64 1.0.0 9.00 53.00 62.00 OK
r-devel-windows-x86_64-gcc10-UCRT 1.0.0 OK
r-patched-linux-x86_64 1.0.0 3.67 31.75 35.42 OK
r-patched-solaris-x86 1.0.0 72.60 OK
r-release-linux-x86_64 1.0.0 3.65 32.18 35.83 OK
r-release-macos-arm64 1.0.0 OK
r-release-macos-x86_64 1.0.0 OK
r-release-windows-ix86+x86_64 1.0.0 13.00 66.00 79.00 OK
r-oldrel-macos-x86_64 1.0.0 OK
r-oldrel-windows-ix86+x86_64 1.0.0 17.00 65.00 82.00 OK

Check Details

Version: 1.0.0
Check: compiled code
Result: NOTE
    File ‘COUSCOus/libs/COUSCOus.so’:
     Found no calls to: ‘R_registerRoutines’, ‘R_useDynamicSymbols’
    
    It is good practice to register native routines and to disable symbol
    search.
    
    See ‘Writing portable packages’ in the ‘Writing R Extensions’ manual.
Flavors: r-devel-linux-x86_64-fedora-clang, r-devel-linux-x86_64-fedora-gcc