CRAN Package Check Results for Package COVIDIBGE

Last updated on 2024-06-13 02:58:53 CEST.

Flavor Version Tinstall Tcheck Ttotal Status Flags
r-devel-linux-x86_64-debian-clang 0.2.2 12.57 112.65 125.22 OK
r-devel-linux-x86_64-debian-gcc 0.2.2 0.40 1.56 1.96 ERROR
r-devel-linux-x86_64-fedora-clang 0.2.2 155.32 OK
r-devel-linux-x86_64-fedora-gcc 0.2.2 145.81 OK
r-devel-windows-x86_64 0.2.2 11.00 90.00 101.00 OK
r-patched-linux-x86_64 0.2.2 12.91 106.56 119.47 OK
r-release-linux-x86_64 0.2.2 12.26 103.67 115.93 OK
r-release-macos-arm64 0.2.2 42.00 OK
r-release-macos-x86_64 0.2.2 69.00 OK
r-release-windows-x86_64 0.2.2 12.00 97.00 109.00 OK
r-oldrel-macos-arm64 0.2.2 48.00 OK
r-oldrel-macos-x86_64 0.2.2 96.00 OK
r-oldrel-windows-x86_64 0.2.2 16.00 107.00 123.00 OK

Check Details

Version: 0.2.2
Check: package dependencies
Result: ERROR Packages required but not available: 'dplyr', 'projmgr', 'readr', 'readxl', 'tibble' Packages suggested but not available for checking: 'SIPDIBGE', 'srvyr' See section ‘The DESCRIPTION file’ in the ‘Writing R Extensions’ manual. Flavor: r-devel-linux-x86_64-debian-gcc