CRAN Package Check Results for Package CPE

Last updated on 2021-10-16 00:49:11 CEST.

Flavor Version Tinstall Tcheck Ttotal Status Flags
r-devel-linux-x86_64-debian-clang 1.5.1 14.56 108.03 122.59 WARN
r-devel-linux-x86_64-debian-gcc 1.5.1 11.12 82.05 93.17 WARN
r-devel-linux-x86_64-fedora-clang 1.5.1 158.10 WARN
r-devel-linux-x86_64-fedora-gcc 1.5.1 3.83 ERROR
r-devel-windows-x86_64 1.5.1 22.00 121.00 143.00 OK
r-devel-windows-x86_64-gcc10-UCRT 1.5.1 ERROR
r-patched-linux-x86_64 1.5.1 13.98 101.82 115.80 OK
r-patched-solaris-x86 1.5.1 214.00 OK
r-release-linux-x86_64 1.5.1 12.38 102.40 114.78 OK
r-release-macos-arm64 1.5.1 OK
r-release-macos-x86_64 1.5.1 OK
r-release-windows-ix86+x86_64 1.5.1 35.00 174.00 209.00 OK
r-oldrel-macos-x86_64 1.5.1 OK
r-oldrel-windows-ix86+x86_64 1.5.1 36.00 184.00 220.00 OK

Additional issues

M1mac M1mac

Check Details

Version: 1.5.1
Check: whether package can be installed
Result: WARN
    Found the following significant warnings:
     phcpe.c:67:5: warning: implicit declaration of function 'error' is invalid in C99 [-Wimplicit-function-declaration]
     phcpe.c:73:5: warning: implicit declaration of function 'error' is invalid in C99 [-Wimplicit-function-declaration]
     phcpe.c:79:7: warning: implicit declaration of function 'error' is invalid in C99 [-Wimplicit-function-declaration]
     phcpe.c:255:5: warning: implicit declaration of function 'error' is invalid in C99 [-Wimplicit-function-declaration]
     phcpe.c:259:5: warning: implicit declaration of function 'error' is invalid in C99 [-Wimplicit-function-declaration]
     phcpe.c:264:7: warning: implicit declaration of function 'error' is invalid in C99 [-Wimplicit-function-declaration]
Flavors: r-devel-linux-x86_64-debian-clang, r-devel-linux-x86_64-fedora-clang

Version: 1.5.1
Check: whether package can be installed
Result: WARN
    Found the following significant warnings:
     phcpe.c:67:5: warning: implicit declaration of function ‘error’; did you mean ‘perror’? [-Wimplicit-function-declaration]
Flavor: r-devel-linux-x86_64-debian-gcc

Version: 1.5.1
Check: top-level files
Result: NOTE
    ‘cleanup’: /bin/bash is not portable
Flavor: r-devel-linux-x86_64-fedora-clang

Version: 1.5.1
Check: whether package can be installed
Result: ERROR
    Installation failed.
Flavors: r-devel-linux-x86_64-fedora-gcc, r-devel-windows-x86_64-gcc10-UCRT