CRAN Package Check Results for Package CRAC

Last updated on 2020-02-18 00:52:02 CET.

Flavor Version Tinstall Tcheck Ttotal Status Flags
r-devel-linux-x86_64-debian-clang 1.0 1.75 17.97 19.72 NOTE
r-devel-linux-x86_64-debian-gcc 1.0 1.46 14.57 16.03 NOTE
r-devel-linux-x86_64-fedora-clang 1.0 24.77 NOTE
r-devel-linux-x86_64-fedora-gcc 1.0 24.10 NOTE
r-devel-windows-ix86+x86_64 1.0 5.00 28.00 33.00 NOTE
r-devel-windows-ix86+x86_64-gcc8 1.0 11.00 39.00 50.00 NOTE
r-patched-linux-x86_64 1.0 1.31 16.49 17.80 NOTE
r-patched-solaris-x86 1.0 35.40 NOTE
r-release-linux-x86_64 1.0 1.43 16.84 18.27 NOTE
r-release-windows-ix86+x86_64 1.0 6.00 38.00 44.00 NOTE
r-release-osx-x86_64 1.0 NOTE
r-oldrel-windows-ix86+x86_64 1.0 2.00 27.00 29.00 NOTE
r-oldrel-osx-x86_64 1.0 NOTE

Check Details

Version: 1.0
Check: R code for possible problems
Result: NOTE
    distance.comoving: no visible global function definition for
     'integrate'
    Undefined global functions or variables:
     integrate
    Consider adding
     importFrom("stats", "integrate")
    to your NAMESPACE file.
Flavors: r-devel-linux-x86_64-debian-clang, r-devel-linux-x86_64-debian-gcc, r-devel-linux-x86_64-fedora-clang, r-devel-linux-x86_64-fedora-gcc, r-devel-windows-ix86+x86_64, r-devel-windows-ix86+x86_64-gcc8, r-patched-linux-x86_64, r-patched-solaris-x86, r-release-linux-x86_64, r-release-windows-ix86+x86_64, r-release-osx-x86_64, r-oldrel-windows-ix86+x86_64, r-oldrel-osx-x86_64