CRAN Package Check Results for Package CRANsearcher

Last updated on 2022-12-07 23:55:10 CET.

Flavor Version Tinstall Tcheck Ttotal Status Flags
r-devel-linux-x86_64-debian-clang 1.0.0 8.70 65.58 74.28 OK
r-devel-linux-x86_64-debian-gcc 1.0.0 5.87 49.16 55.03 OK
r-devel-linux-x86_64-fedora-clang 1.0.0 104.93 NOTE
r-devel-linux-x86_64-fedora-gcc 1.0.0 96.63 NOTE
r-devel-windows-x86_64 1.0.0 15.00 90.00 105.00 OK
r-patched-linux-x86_64 1.0.0 7.89 61.01 68.90 OK
r-release-linux-x86_64 1.0.0 7.80 62.33 70.13 OK
r-release-macos-arm64 1.0.0 34.00 NOTE
r-release-macos-x86_64 1.0.0 59.00 NOTE
r-release-windows-x86_64 1.0.0 20.00 92.00 112.00 OK
r-oldrel-macos-arm64 1.0.0 35.00 NOTE
r-oldrel-macos-x86_64 1.0.0 39.00 NOTE
r-oldrel-windows-ix86+x86_64 1.0.0 20.00 84.00 104.00 OK

Check Details

Version: 1.0.0
Check: data for non-ASCII characters
Result: NOTE
     Note: found 11 marked Latin-1 strings
     Note: found 57 marked UTF-8 strings
Flavors: r-devel-linux-x86_64-fedora-clang, r-devel-linux-x86_64-fedora-gcc, r-release-macos-arm64, r-release-macos-x86_64, r-oldrel-macos-arm64, r-oldrel-macos-x86_64