CRAN Package Check Results for Package CRUF

Last updated on 2020-07-06 04:47:28 CEST.

Flavor Version Tinstall Tcheck Ttotal Status Flags
r-devel-linux-x86_64-debian-clang 0.5.1 13.28 94.89 108.17 OK
r-devel-linux-x86_64-debian-gcc 0.5.1 10.80 70.78 81.58 OK
r-devel-linux-x86_64-fedora-clang 0.5.1 136.84 NOTE
r-devel-linux-x86_64-fedora-gcc 0.5.1 124.10 NOTE
r-devel-windows-ix86+x86_64 0.5.1 44.00 139.00 183.00 OK
r-patched-linux-x86_64 0.5.1 8.31 90.14 98.45 OK
r-patched-solaris-x86 0.5.1 180.90 NOTE
r-release-linux-x86_64 0.5.1 8.28 90.33 98.61 OK
r-release-osx-x86_64 0.5.1 NOTE
r-release-windows-ix86+x86_64 0.5.1 29.00 94.00 123.00 OK
r-oldrel-osx-x86_64 0.5.1 NOTE
r-oldrel-windows-ix86+x86_64 0.5.1 29.00 156.00 185.00 OK

Check Details

Version: 0.5.1
Check: dependencies in R code
Result: NOTE
    Namespace in Imports field not imported from: ‘survminer’
     All declared Imports should be used.
Flavors: r-devel-linux-x86_64-fedora-clang, r-devel-linux-x86_64-fedora-gcc, r-patched-solaris-x86, r-release-osx-x86_64, r-oldrel-osx-x86_64