CRAN Package Check Results for Package CRWRM

Last updated on 2022-09-26 13:52:35 CEST.

Flavor Version Tinstall Tcheck Ttotal Status Flags
r-devel-linux-x86_64-debian-clang 0.0.1 1.85 21.48 23.33 NOTE
r-devel-linux-x86_64-debian-gcc 0.0.1 1.60 16.38 17.98 NOTE
r-devel-linux-x86_64-fedora-clang 0.0.1 41.06 NOTE
r-devel-linux-x86_64-fedora-gcc 0.0.1 38.55 NOTE
r-devel-windows-x86_64 0.0.1 6.00 42.00 48.00 NOTE
r-patched-linux-x86_64 0.0.1 1.50 21.02 22.52 NOTE
r-release-linux-x86_64 0.0.1 2.12 20.68 22.80 NOTE
r-release-macos-arm64 0.0.1 16.00 NOTE
r-release-macos-x86_64 0.0.1 20.00 NOTE
r-release-windows-x86_64 0.0.1 5.00 41.00 46.00 NOTE
r-oldrel-macos-arm64 0.0.1 24.00 NOTE
r-oldrel-macos-x86_64 0.0.1 25.00 NOTE
r-oldrel-windows-ix86+x86_64 0.0.1 5.00 31.00 36.00 NOTE

Check Details

Version: 0.0.1
Check: LazyData
Result: NOTE
     'LazyData' is specified without a 'data' directory
Flavors: r-devel-linux-x86_64-debian-clang, r-devel-linux-x86_64-debian-gcc, r-devel-linux-x86_64-fedora-clang, r-devel-linux-x86_64-fedora-gcc, r-devel-windows-x86_64, r-patched-linux-x86_64, r-release-linux-x86_64, r-release-macos-arm64, r-release-macos-x86_64, r-release-windows-x86_64, r-oldrel-macos-arm64, r-oldrel-macos-x86_64, r-oldrel-windows-ix86+x86_64