CRAN Package Check Results for Package CRWRM

Last updated on 2024-05-30 10:48:21 CEST.

Flavor Version Tinstall Tcheck Ttotal Status Flags
r-devel-linux-x86_64-debian-clang 0.0.1 1.88 20.86 22.74 NOTE
r-devel-linux-x86_64-debian-gcc 0.0.1 1.71 16.19 17.90 NOTE
r-devel-linux-x86_64-fedora-clang 0.0.1 28.95 NOTE
r-devel-linux-x86_64-fedora-gcc 0.0.1 27.19 NOTE
r-devel-windows-x86_64 0.0.1 3.00 34.00 37.00 NOTE
r-patched-linux-x86_64 0.0.1 1.84 19.94 21.78 NOTE
r-release-linux-x86_64 0.0.1 2.07 19.60 21.67 NOTE
r-release-macos-arm64 0.0.1 14.00 NOTE
r-release-windows-x86_64 0.0.1 3.00 42.00 45.00 NOTE
r-oldrel-macos-arm64 0.0.1 17.00 NOTE
r-oldrel-macos-x86_64 0.0.1 20.00 NOTE
r-oldrel-windows-x86_64 0.0.1 6.00 34.00 40.00 NOTE

Check Details

Version: 0.0.1
Check: LazyData
Result: NOTE 'LazyData' is specified without a 'data' directory Flavors: r-devel-linux-x86_64-debian-clang, r-devel-linux-x86_64-debian-gcc, r-devel-linux-x86_64-fedora-clang, r-devel-linux-x86_64-fedora-gcc, r-devel-windows-x86_64, r-patched-linux-x86_64, r-release-linux-x86_64, r-release-macos-arm64, r-release-windows-x86_64, r-oldrel-macos-arm64, r-oldrel-macos-x86_64, r-oldrel-windows-x86_64