CRAN Package Check Results for Package CSESA

Last updated on 2020-04-01 07:51:00 CEST.

Flavor Version Tinstall Tcheck Ttotal Status Flags
r-devel-linux-x86_64-debian-clang 1.2.0 12.34 108.73 121.07 OK
r-devel-linux-x86_64-debian-gcc 1.2.0 10.24 81.78 92.02 OK
r-devel-linux-x86_64-fedora-clang 1.2.0 142.91 OK
r-devel-linux-x86_64-fedora-gcc 1.2.0 146.08 OK
r-devel-windows-ix86+x86_64 1.2.0 3.00 5.00 8.00 ERROR
r-devel-windows-ix86+x86_64-gcc8 1.2.0 3.00 5.00 8.00 ERROR
r-patched-linux-x86_64 1.2.0 12.47 101.17 113.64 OK
r-patched-solaris-x86 1.2.0 214.50 OK
r-release-linux-x86_64 1.2.0 10.44 96.01 106.45 OK
r-release-windows-ix86+x86_64 1.2.0 25.00 101.00 126.00 OK
r-release-osx-x86_64 1.2.0 OK
r-oldrel-windows-ix86+x86_64 1.2.0 21.00 124.00 145.00 OK
r-oldrel-osx-x86_64 1.2.0 OK

Check Details

Version: 1.2.0
Check: whether package can be installed
Result: ERROR
    Installation failed.
Flavors: r-devel-windows-ix86+x86_64, r-devel-windows-ix86+x86_64-gcc8