CRAN Package Check Results for Package CSESA

Last updated on 2023-02-07 21:54:12 CET.

Flavor Version Tinstall Tcheck Ttotal Status Flags
r-devel-linux-x86_64-debian-clang 1.2.0 17.47 134.89 152.36 NOTE
r-devel-linux-x86_64-debian-gcc 1.2.0 13.46 102.44 115.90 NOTE
r-devel-linux-x86_64-fedora-clang 1.2.0 199.86 NOTE
r-devel-linux-x86_64-fedora-gcc 1.2.0 205.31 NOTE
r-devel-windows-x86_64 1.2.0 37.00 150.00 187.00 NOTE
r-patched-linux-x86_64 1.2.0 15.42 132.06 147.48 NOTE
r-release-linux-x86_64 1.2.0 16.49 129.10 145.59 NOTE
r-release-macos-arm64 1.2.0 50.00 NOTE
r-release-macos-x86_64 1.2.0 70.00 NOTE
r-release-windows-x86_64 1.2.0 31.00 155.00 186.00 NOTE
r-oldrel-macos-arm64 1.2.0 55.00 NOTE
r-oldrel-macos-x86_64 1.2.0 105.00 NOTE
r-oldrel-windows-ix86+x86_64 1.2.0 35.00 146.00 181.00 NOTE

Check Details

Version: 1.2.0
Check: LazyData
Result: NOTE
     'LazyData' is specified without a 'data' directory
Flavors: r-devel-linux-x86_64-debian-clang, r-devel-linux-x86_64-debian-gcc, r-devel-linux-x86_64-fedora-clang, r-devel-linux-x86_64-fedora-gcc, r-devel-windows-x86_64, r-patched-linux-x86_64, r-release-linux-x86_64, r-release-macos-arm64, r-release-macos-x86_64, r-release-windows-x86_64, r-oldrel-macos-arm64, r-oldrel-macos-x86_64, r-oldrel-windows-ix86+x86_64