Last updated on 2023-12-02 03:57:37 CET.
Flavor | Version | Tinstall | Tcheck | Ttotal | Status | Flags |
---|---|---|---|---|---|---|
r-devel-linux-x86_64-debian-clang | 1.2.0 | 17.03 | 135.97 | 153.00 | NOTE | |
r-devel-linux-x86_64-debian-gcc | 1.2.0 | 13.47 | 104.04 | 117.51 | NOTE | |
r-devel-linux-x86_64-fedora-clang | 1.2.0 | 190.20 | NOTE | |||
r-devel-linux-x86_64-fedora-gcc | 1.2.0 | 180.19 | NOTE | |||
r-devel-windows-x86_64 | 1.2.0 | 13.00 | 110.00 | 123.00 | NOTE | |
r-patched-linux-x86_64 | 1.2.0 | 13.65 | 130.85 | 144.50 | NOTE | |
r-release-linux-x86_64 | 1.2.0 | 14.30 | 129.92 | 144.22 | NOTE | |
r-release-macos-arm64 | 1.2.0 | 54.00 | NOTE | |||
r-release-macos-x86_64 | 1.2.0 | 113.00 | NOTE | |||
r-release-windows-x86_64 | 1.2.0 | 15.00 | 125.00 | 140.00 | NOTE | |
r-oldrel-macos-arm64 | 1.2.0 | 52.00 | NOTE | |||
r-oldrel-macos-x86_64 | 1.2.0 | 70.00 | NOTE | |||
r-oldrel-windows-x86_64 | 1.2.0 | 21.00 | 134.00 | 155.00 | NOTE |
Version: 1.2.0
Check: LazyData
Result: NOTE
'LazyData' is specified without a 'data' directory
Flavors: r-devel-linux-x86_64-debian-clang, r-devel-linux-x86_64-debian-gcc, r-devel-linux-x86_64-fedora-clang, r-devel-linux-x86_64-fedora-gcc, r-devel-windows-x86_64, r-patched-linux-x86_64, r-release-linux-x86_64, r-release-macos-arm64, r-release-macos-x86_64, r-release-windows-x86_64, r-oldrel-macos-arm64, r-oldrel-macos-x86_64, r-oldrel-windows-x86_64