Last updated on 2023-01-28 03:55:48 CET.
Flavor | Version | Tinstall | Tcheck | Ttotal | Status | Flags |
---|---|---|---|---|---|---|
r-devel-linux-x86_64-debian-clang | 0.6.7 | 2.88 | 28.76 | 31.64 | OK | |
r-devel-linux-x86_64-debian-gcc | 0.6.7 | 2.19 | 22.46 | 24.65 | OK | |
r-devel-linux-x86_64-fedora-clang | 0.6.7 | 42.19 | NOTE | |||
r-devel-linux-x86_64-fedora-gcc | 0.6.7 | 50.89 | NOTE | |||
r-devel-windows-x86_64 | 0.6.7 | 12.00 | 61.00 | 73.00 | OK | |
r-patched-linux-x86_64 | 0.6.7 | 2.33 | 30.45 | 32.78 | OK | |
r-release-linux-x86_64 | 0.6.7 | 1.90 | 29.03 | 30.93 | OK | |
r-release-macos-arm64 | 0.6.7 | 21.00 | NOTE | |||
r-release-macos-x86_64 | 0.6.7 | 34.00 | NOTE | |||
r-release-windows-x86_64 | 0.6.7 | 16.00 | 72.00 | 88.00 | OK | |
r-oldrel-macos-arm64 | 0.6.7 | 24.00 | NOTE | |||
r-oldrel-macos-x86_64 | 0.6.7 | 34.00 | NOTE | |||
r-oldrel-windows-ix86+x86_64 | 0.6.7 | 7.00 | 60.00 | 67.00 | OK |
Version: 0.6.7
Check: dependencies in R code
Result: NOTE
Namespaces in Imports field not imported from:
‘extrafont’ ‘future’
All declared Imports should be used.
Flavors: r-devel-linux-x86_64-fedora-clang, r-devel-linux-x86_64-fedora-gcc, r-release-macos-arm64, r-release-macos-x86_64, r-oldrel-macos-arm64, r-oldrel-macos-x86_64