CRAN Package Check Results for Package CSIndicators

Last updated on 2021-10-24 23:51:44 CEST.

Flavor Version Tinstall Tcheck Ttotal Status Flags
r-devel-linux-x86_64-debian-clang 0.0.1 10.67 180.18 190.85 OK
r-devel-linux-x86_64-debian-gcc 0.0.1 8.05 132.92 140.97 OK
r-devel-linux-x86_64-fedora-clang 0.0.1 227.93 OK
r-devel-linux-x86_64-fedora-gcc 0.0.1 217.86 OK
r-devel-windows-x86_64 0.0.1 17.00 245.00 262.00 OK
r-devel-windows-x86_64-gcc10-UCRT 0.0.1 OK
r-patched-linux-x86_64 0.0.1 10.55 171.48 182.03 OK
r-patched-solaris-x86 0.0.1 270.40 OK
r-release-linux-x86_64 0.0.1 10.28 170.96 181.24 OK
r-release-macos-arm64 0.0.1 OK
r-release-macos-x86_64 0.0.1 ERROR
r-release-windows-ix86+x86_64 0.0.1 19.00 198.00 217.00 OK
r-oldrel-macos-x86_64 0.0.1 ERROR
r-oldrel-windows-ix86+x86_64 0.0.1 26.00 237.00 263.00 OK

Check Details

Version: 0.0.1
Check: tests
Result: ERROR
     Running ‘testthat.R’ [27s/32s]
    Running the tests in ‘tests/testthat.R’ failed.
    Last 13 lines of output:
     SelectPeriodOnDates(...) not equal to `output5`.
     Lengths differ: 92 is not 300
     ── Error (test-SelectPeriod.R:124:3): Decadal ──────────────────────────────────
     Error: Found one or more margin dimensions with the same name and different length in some of the input objects in 'data'.
     Backtrace:
     █
     1. ├─testthat::expect_equal(...) test-SelectPeriod.R:124:2
     2. │ └─testthat::quasi_label(enquo(object), label, arg = "object")
     3. │ └─rlang::eval_bare(expr, quo_get_env(quo))
     4. └─CSIndicators::SelectPeriodOnData(...)
     5. └─multiApply::Apply(...)
    
     [ FAIL 2 | WARN 28 | SKIP 0 | PASS 144 ]
     Error: Test failures
     Execution halted
Flavor: r-release-macos-x86_64

Version: 0.0.1
Check: tests
Result: ERROR
     Running ‘testthat.R’ [23s/23s]
    Running the tests in ‘tests/testthat.R’ failed.
    Last 13 lines of output:
     dim(result) <- length(result)
     names(dim(result)) <- names(dim(x))
     return(result)
     }, output_dims = time_dim, ncores = ncores)`: Found one or more margin dimensions with the same name and different length in some of the input objects in 'data'.
     Backtrace:
     █
     1. ├─testthat::expect_equal(...) test-SelectPeriod.R:124:2
     2. │ └─testthat::quasi_label(enquo(object), label, arg = "object")
     3. │ └─rlang::eval_bare(expr, quo_get_env(quo))
     4. └─CSIndicators::SelectPeriodOnData(...)
     5. └─multiApply::Apply(...)
    
     [ FAIL 2 | WARN 36 | SKIP 0 | PASS 144 ]
     Error: Test failures
     Execution halted
Flavor: r-oldrel-macos-x86_64