CRAN Package Check Results for Package CSTools

Last updated on 2020-04-10 04:48:38 CEST.

Flavor Version Tinstall Tcheck Ttotal Status Flags
r-devel-linux-x86_64-debian-clang 3.0.0 18.76 168.32 187.08 OK
r-devel-linux-x86_64-debian-gcc 3.0.0 17.88 126.43 144.31 OK
r-devel-linux-x86_64-fedora-clang 3.0.0 217.98 OK
r-devel-linux-x86_64-fedora-gcc 3.0.0 222.61 OK
r-devel-windows-ix86+x86_64 3.0.0 41.00 158.00 199.00 OK
r-devel-windows-ix86+x86_64-gcc8 3.0.0 40.00 167.00 207.00 OK
r-patched-linux-x86_64 3.0.0 19.36 158.27 177.63 OK
r-patched-osx-x86_64 3.0.0 OK
r-patched-solaris-x86 3.0.0 316.70 OK
r-release-linux-x86_64 3.0.0 15.72 146.80 162.52 NOTE
r-release-windows-ix86+x86_64 3.0.0 34.00 231.00 265.00 OK
r-release-osx-x86_64 3.0.0 OK
r-oldrel-windows-ix86+x86_64 3.0.0 34.00 224.00 258.00 OK
r-oldrel-osx-x86_64 3.0.0 OK

Check Details

Version: 3.0.0
Check: DESCRIPTION meta-information
Result: NOTE
    Dependence on R version ‘3.4.2’ not with patchlevel 0
Flavor: r-release-linux-x86_64