Last updated on 2023-12-10 23:55:41 CET.
Flavor | Version | Tinstall | Tcheck | Ttotal | Status | Flags |
---|---|---|---|---|---|---|
r-devel-linux-x86_64-debian-clang | 0.2 | 2.86 | 31.63 | 34.49 | NOTE | |
r-devel-linux-x86_64-debian-gcc | 0.2 | 2.09 | 25.10 | 27.19 | NOTE | |
r-devel-linux-x86_64-fedora-clang | 0.2 | 42.26 | NOTE | |||
r-devel-linux-x86_64-fedora-gcc | 0.2 | 42.11 | NOTE | |||
r-devel-windows-x86_64 | 0.2 | 3.00 | 51.00 | 54.00 | NOTE | |
r-patched-linux-x86_64 | 0.2 | 2.80 | 31.91 | 34.71 | NOTE | |
r-release-linux-x86_64 | 0.2 | 2.78 | 31.90 | 34.68 | NOTE | |
r-release-macos-arm64 | 0.2 | 18.00 | NOTE | |||
r-release-macos-x86_64 | 0.2 | 25.00 | NOTE | |||
r-release-windows-x86_64 | 0.2 | 4.00 | 48.00 | 52.00 | NOTE | |
r-oldrel-macos-arm64 | 0.2 | 20.00 | NOTE | |||
r-oldrel-macos-x86_64 | 0.2 | 24.00 | NOTE | |||
r-oldrel-windows-x86_64 | 0.2 | 4.00 | 54.00 | 58.00 | NOTE |
Version: 0.2
Check: LazyData
Result: NOTE
'LazyData' is specified without a 'data' directory
Flavors: r-devel-linux-x86_64-debian-clang, r-devel-linux-x86_64-debian-gcc, r-devel-linux-x86_64-fedora-clang, r-devel-linux-x86_64-fedora-gcc, r-devel-windows-x86_64, r-patched-linux-x86_64, r-release-linux-x86_64, r-release-macos-arm64, r-release-macos-x86_64, r-release-windows-x86_64, r-oldrel-macos-arm64, r-oldrel-macos-x86_64, r-oldrel-windows-x86_64