Last updated on 2021-04-11 23:46:55 CEST.
Flavor | Version | Tinstall | Tcheck | Ttotal | Status | Flags |
---|---|---|---|---|---|---|
r-devel-linux-x86_64-debian-clang | 3.0 | 13.51 | 137.46 | 150.97 | OK | |
r-devel-linux-x86_64-debian-gcc | 3.0 | 11.07 | 103.80 | 114.87 | OK | |
r-devel-linux-x86_64-fedora-clang | 3.0 | 187.73 | NOTE | |||
r-devel-linux-x86_64-fedora-gcc | 3.0 | 177.84 | NOTE | |||
r-devel-windows-ix86+x86_64 | 3.0 | 37.00 | 162.00 | 199.00 | OK | |
r-devel-windows-x86_64-gcc10-UCRT | 3.0 | NOTE | ||||
r-patched-linux-x86_64 | 3.0 | 15.25 | 127.87 | 143.12 | OK | |
r-patched-solaris-x86 | 3.0 | 261.30 | NOTE | |||
r-release-linux-x86_64 | 3.0 | 14.24 | 127.67 | 141.91 | OK | |
r-release-macos-x86_64 | 3.0 | NOTE | ||||
r-release-windows-ix86+x86_64 | 3.0 | 35.00 | 163.00 | 198.00 | OK | |
r-oldrel-macos-x86_64 | 3.0 | NOTE | ||||
r-oldrel-windows-ix86+x86_64 | 3.0 | 21.00 | 111.00 | 132.00 | OK |
Version: 3.0
Check: dependencies in R code
Result: NOTE
Namespace in Imports field not imported from: ‘MASS’
All declared Imports should be used.
Flavors: r-devel-linux-x86_64-fedora-clang, r-devel-linux-x86_64-fedora-gcc, r-devel-windows-x86_64-gcc10-UCRT, r-patched-solaris-x86, r-release-macos-x86_64, r-oldrel-macos-x86_64