CRAN Package Check Results for Package CTT

Last updated on 2020-07-03 15:47:57 CEST.

Flavor Version Tinstall Tcheck Ttotal Status Flags
r-devel-linux-x86_64-debian-clang 2.3.3 2.32 23.88 26.20 NOTE
r-devel-linux-x86_64-debian-gcc 2.3.3 2.14 18.79 20.93 NOTE
r-devel-linux-x86_64-fedora-clang 2.3.3 40.80 NOTE
r-devel-linux-x86_64-fedora-gcc 2.3.3 30.41 NOTE
r-devel-windows-ix86+x86_64 2.3.3 12.00 45.00 57.00 OK
r-patched-linux-x86_64 2.3.3 2.31 24.06 26.37 NOTE
r-patched-solaris-x86 2.3.3 48.20 NOTE
r-release-linux-x86_64 2.3.3 2.55 23.90 26.45 NOTE
r-release-osx-x86_64 2.3.3 OK
r-release-windows-ix86+x86_64 2.3.3 6.00 32.00 38.00 OK
r-oldrel-osx-x86_64 2.3.3 OK
r-oldrel-windows-ix86+x86_64 2.3.3 7.00 46.00 53.00 OK

Check Details

Version: 2.3.3
Check: for non-standard things in the check directory
Result: NOTE
    Found the following files/directories:
     'Hello.csv'
Flavors: r-devel-linux-x86_64-debian-clang, r-devel-linux-x86_64-debian-gcc, r-devel-linux-x86_64-fedora-clang, r-devel-linux-x86_64-fedora-gcc, r-patched-linux-x86_64, r-patched-solaris-x86, r-release-linux-x86_64