Last updated on 2023-09-22 09:55:53 CEST.
Flavor | Version | Tinstall | Tcheck | Ttotal | Status | Flags |
---|---|---|---|---|---|---|
r-devel-linux-x86_64-debian-clang | 2.3.3 | 2.43 | 28.47 | 30.90 | NOTE | |
r-devel-linux-x86_64-debian-gcc | 2.3.3 | 1.85 | 21.82 | 23.67 | NOTE | |
r-devel-linux-x86_64-fedora-clang | 2.3.3 | 39.06 | NOTE | |||
r-devel-linux-x86_64-fedora-gcc | 2.3.3 | 37.20 | NOTE | |||
r-devel-windows-x86_64 | 2.3.3 | 5.00 | 44.00 | 49.00 | OK | |
r-patched-linux-x86_64 | 2.3.3 | 3.20 | 27.49 | 30.69 | NOTE | |
r-release-linux-x86_64 | 2.3.3 | 2.68 | 27.55 | 30.23 | NOTE | |
r-release-macos-arm64 | 2.3.3 | 17.00 | OK | |||
r-release-macos-x86_64 | 2.3.3 | 22.00 | OK | |||
r-release-windows-x86_64 | 2.3.3 | 5.00 | 50.00 | 55.00 | OK | |
r-oldrel-macos-arm64 | 2.3.3 | 16.00 | OK | |||
r-oldrel-macos-x86_64 | 2.3.3 | 22.00 | OK | |||
r-oldrel-windows-x86_64 | 2.3.3 | 8.00 | 47.00 | 55.00 | OK |
Version: 2.3.3
Check: for non-standard things in the check directory
Result: NOTE
Found the following files/directories:
‘Hello.csv’
Flavors: r-devel-linux-x86_64-debian-clang, r-devel-linux-x86_64-debian-gcc, r-devel-linux-x86_64-fedora-clang, r-devel-linux-x86_64-fedora-gcc, r-patched-linux-x86_64, r-release-linux-x86_64