CRAN Package Check Results for Package CUB

Last updated on 2019-09-18 20:46:47 CEST.

Flavor Version Tinstall Tcheck Ttotal Status Flags
r-devel-linux-x86_64-debian-clang 1.1.3 8.91 335.08 343.99 OK
r-devel-linux-x86_64-debian-gcc 1.1.3 7.97 244.74 252.71 OK
r-devel-linux-x86_64-fedora-clang 1.1.3 381.12 OK
r-devel-linux-x86_64-fedora-gcc 1.1.3 378.95 OK
r-devel-windows-ix86+x86_64 1.1.3 21.00 366.00 387.00 OK
r-patched-linux-x86_64 1.1.3 9.97 334.16 344.13 OK
r-patched-solaris-x86 1.1.3 439.20 WARN
r-release-linux-x86_64 1.1.3 7.81 344.92 352.73 OK
r-release-windows-ix86+x86_64 1.1.3 19.00 355.00 374.00 OK
r-release-osx-x86_64 1.1.3 OK
r-oldrel-windows-ix86+x86_64 1.1.3 13.00 446.00 459.00 OK
r-oldrel-osx-x86_64 1.1.3 OK

Check Details

Version: 1.1.3
Check: re-building of vignette outputs
Result: WARN
    Error(s) in re-building vignettes:
     ...
    --- re-building ‘CUBvignette-knitr.Rnw’ using knitr
    Error: processing vignette 'CUBvignette-knitr.Rnw' failed with diagnostics:
    Running 'texi2dvi' on 'CUBvignette-knitr.tex' failed.
    LaTeX errors:
    ! LaTeX Error: Command \sidewaysfigure already defined.
     Or name \end... illegal, see p.192 of the manual.
    
    See the LaTeX manual or LaTeX Companion for explanation.
    Type H <return> for immediate help.
    ! LaTeX Error: Command \sidewaysfigure* already defined.
     Or name \end... illegal, see p.192 of the manual.
    
    See the LaTeX manual or LaTeX Companion for explanation.
    Type H <return> for immediate help.
    ! LaTeX Error: Command \sidewaystable already defined.
     Or name \end... illegal, see p.192 of the manual.
    
    See the LaTeX manual or LaTeX Companion for explanation.
    Type H <return> for immediate help.
    ! LaTeX Error: Command \sidewaystable* already defined.
     Or name \end... illegal, see p.192 of the manual.
    
    See the LaTeX manual or LaTeX Companion for explanation.
    Type H <return> for immediate help.
    --- failed re-building ‘CUBvignette-knitr.Rnw’
    
    SUMMARY: processing the following file failed:
     ‘CUBvignette-knitr.Rnw’
    
    Error: Vignette re-building failed.
    Execution halted
Flavor: r-patched-solaris-x86