CRAN Package Check Results for Package CVD

Last updated on 2019-05-25 07:46:35 CEST.

Flavor Version Tinstall Tcheck Ttotal Status Flags
r-devel-linux-x86_64-debian-clang 1.0.2 5.35 29.06 34.41 OK
r-devel-linux-x86_64-debian-gcc 1.0.2 3.79 22.62 26.41 OK
r-devel-linux-x86_64-fedora-clang 1.0.2 41.57 OK
r-devel-linux-x86_64-fedora-gcc 1.0.2 39.35 OK
r-devel-windows-ix86+x86_64 1.0.2 17.00 56.00 73.00 OK
r-patched-linux-x86_64 1.0.2 OK
r-patched-solaris-x86 1.0.2 55.60 OK
r-release-linux-x86_64 1.0.2 5.62 29.15 34.77 OK
r-release-windows-ix86+x86_64 1.0.2 15.00 59.00 74.00 OK
r-release-osx-x86_64 1.0.2 NOTE
r-oldrel-windows-ix86+x86_64 1.0.2 7.00 37.00 44.00 OK
r-oldrel-osx-x86_64 1.0.2 NOTE

Check Details

Version: 1.0.2
Check: package dependencies
Result: NOTE
    Package which this enhances but not available for checking: ‘RGtk2’
Flavors: r-release-osx-x86_64, r-oldrel-osx-x86_64