CRAN Package Check Results for Package CVD

Last updated on 2019-08-21 22:48:37 CEST.

Flavor Version Tinstall Tcheck Ttotal Status Flags
r-devel-linux-x86_64-debian-clang 1.0.2 5.06 28.50 33.56 OK
r-devel-linux-x86_64-debian-gcc 1.0.2 OK
r-devel-linux-x86_64-fedora-clang 1.0.2 41.17 OK
r-devel-linux-x86_64-fedora-gcc 1.0.2 39.85 OK
r-devel-windows-ix86+x86_64 1.0.2 16.00 63.00 79.00 OK
r-patched-linux-x86_64 1.0.2 4.51 28.75 33.26 OK
r-patched-solaris-x86 1.0.2 57.00 OK
r-release-linux-x86_64 1.0.2 4.87 28.56 33.43 OK
r-release-windows-ix86+x86_64 1.0.2 14.00 61.00 75.00 OK
r-release-osx-x86_64 1.0.2 NOTE
r-oldrel-windows-ix86+x86_64 1.0.2 7.00 37.00 44.00 OK
r-oldrel-osx-x86_64 1.0.2 NOTE

Check Details

Version: 1.0.2
Check: package dependencies
Result: NOTE
    Package which this enhances but not available for checking: ‘RGtk2’
Flavors: r-release-osx-x86_64, r-oldrel-osx-x86_64