CRAN Package Check Results for Package CVR

Last updated on 2020-10-01 02:52:52 CEST.

Flavor Version Tinstall Tcheck Ttotal Status Flags
r-devel-linux-x86_64-debian-clang 0.1.1 46.84 31.90 78.74 OK
r-devel-linux-x86_64-debian-gcc 0.1.1 36.33 25.32 61.65 OK
r-devel-linux-x86_64-fedora-clang 0.1.1 123.67 NOTE
r-devel-linux-x86_64-fedora-gcc 0.1.1 112.37 OK
r-devel-windows-ix86+x86_64 0.1.1 106.00 72.00 178.00 OK
r-patched-linux-x86_64 0.1.1 45.54 30.58 76.12 OK
r-patched-solaris-x86 0.1.1 111.10 OK
r-release-linux-x86_64 0.1.1 43.30 30.69 73.99 OK
r-release-macos-x86_64 0.1.1 NOTE
r-release-windows-ix86+x86_64 0.1.1 100.00 75.00 175.00 OK
r-oldrel-macos-x86_64 0.1.1 OK
r-oldrel-windows-ix86+x86_64 0.1.1 98.00 75.00 173.00 OK

Check Details

Version: 0.1.1
Check: installed package size
Result: NOTE
     installed size is 5.1Mb
     sub-directories of 1Mb or more:
     libs 4.3Mb
Flavors: r-devel-linux-x86_64-fedora-clang, r-release-macos-x86_64