CRAN Package Check Results for Package CVTuningCov

Last updated on 2020-09-30 20:46:40 CEST.

Flavor Version Tinstall Tcheck Ttotal Status Flags
r-devel-linux-x86_64-debian-clang 1.0 2.04 22.53 24.57 NOTE
r-devel-linux-x86_64-debian-gcc 1.0 1.75 18.19 19.94 NOTE
r-devel-linux-x86_64-fedora-clang 1.0 40.32 NOTE
r-devel-linux-x86_64-fedora-gcc 1.0 30.91 NOTE
r-devel-windows-ix86+x86_64 1.0 8.00 37.00 45.00 NOTE
r-patched-linux-x86_64 1.0 2.30 22.05 24.35 NOTE
r-patched-solaris-x86 1.0 46.00 NOTE
r-release-linux-x86_64 1.0 2.19 22.14 24.33 NOTE
r-release-macos-x86_64 1.0 NOTE
r-release-windows-ix86+x86_64 1.0 26.00 35.00 61.00 NOTE
r-oldrel-macos-x86_64 1.0 NOTE
r-oldrel-windows-ix86+x86_64 1.0 4.00 41.00 45.00 NOTE

Check Details

Version: 1.0
Check: R code for possible problems
Result: NOTE
    random.CV: no visible global function definition for 'var'
    regular.CV: no visible global function definition for 'var'
    Undefined global functions or variables:
     var
    Consider adding
     importFrom("stats", "var")
    to your NAMESPACE file.
Flavors: r-devel-linux-x86_64-debian-clang, r-devel-linux-x86_64-debian-gcc, r-devel-linux-x86_64-fedora-clang, r-devel-linux-x86_64-fedora-gcc, r-devel-windows-ix86+x86_64, r-patched-linux-x86_64, r-patched-solaris-x86, r-release-linux-x86_64, r-release-macos-x86_64, r-release-windows-ix86+x86_64, r-oldrel-macos-x86_64, r-oldrel-windows-ix86+x86_64