CRAN Package Check Results for Package CaPO4Sim

Last updated on 2024-06-16 00:58:17 CEST.

Flavor Version Tinstall Tcheck Ttotal Status Flags
r-devel-linux-x86_64-debian-clang 0.2.0 10.01 54.16 64.17 NOTE
r-devel-linux-x86_64-debian-gcc 0.2.0 6.09 41.52 47.61 NOTE
r-devel-linux-x86_64-fedora-clang 0.2.0 78.28 NOTE
r-devel-linux-x86_64-fedora-gcc 0.2.0 73.43 NOTE
r-devel-windows-x86_64 0.2.0 8.00 64.00 72.00 NOTE
r-patched-linux-x86_64 0.2.0 12.02 52.31 64.33 NOTE
r-release-linux-x86_64 0.2.0 8.25 53.89 62.14 NOTE
r-release-macos-arm64 0.2.0 27.00 NOTE
r-release-macos-x86_64 0.2.0 38.00 NOTE
r-release-windows-x86_64 0.2.0 11.00 69.00 80.00 NOTE
r-oldrel-macos-arm64 0.2.0 26.00 NOTE
r-oldrel-macos-x86_64 0.2.0 37.00 NOTE
r-oldrel-windows-x86_64 0.2.0 12.00 72.00 84.00 NOTE

Check Details

Version: 0.2.0
Check: LazyData
Result: NOTE 'LazyData' is specified without a 'data' directory Flavors: r-devel-linux-x86_64-debian-clang, r-devel-linux-x86_64-debian-gcc, r-devel-linux-x86_64-fedora-clang, r-devel-linux-x86_64-fedora-gcc, r-devel-windows-x86_64, r-patched-linux-x86_64, r-release-linux-x86_64, r-release-macos-arm64, r-release-macos-x86_64, r-release-windows-x86_64, r-oldrel-macos-arm64, r-oldrel-macos-x86_64, r-oldrel-windows-x86_64

Version: 0.2.0
Check: dependencies in R code
Result: NOTE Namespaces in Imports field not imported from: ‘htmltools’ ‘shinydashboard’ All declared Imports should be used. Flavors: r-devel-linux-x86_64-fedora-clang, r-devel-linux-x86_64-fedora-gcc