CRAN Package Check Results for Package Cairo

Last updated on 2022-09-26 02:50:34 CEST.

Flavor Version Tinstall Tcheck Ttotal Status Flags
r-devel-linux-x86_64-debian-clang 1.6-0 9.53 27.83 37.36 OK
r-devel-linux-x86_64-debian-gcc 1.6-0 6.62 21.43 28.05 OK
r-devel-linux-x86_64-fedora-clang 1.6-0 56.54 OK
r-devel-linux-x86_64-fedora-gcc 1.6-0 56.36 OK
r-devel-windows-x86_64 1.6-0 26.00 83.00 109.00 NOTE
r-patched-linux-x86_64 1.6-0 7.90 26.70 34.60 OK
r-release-linux-x86_64 1.6-0 8.15 26.12 34.27 OK
r-release-macos-arm64 1.6-0 40.00 NOTE
r-release-macos-x86_64 1.6-0 59.00 NOTE
r-release-windows-x86_64 1.6-0 24.00 79.00 103.00 NOTE
r-oldrel-macos-arm64 1.6-0 37.00 NOTE
r-oldrel-macos-x86_64 1.6-0 62.00 NOTE
r-oldrel-windows-ix86+x86_64 1.6-0 34.00 55.00 89.00 OK

Check Details

Version: 1.6-0
Check: installed package size
Result: NOTE
     installed size is 6.9Mb
     sub-directories of 1Mb or more:
     libs 6.8Mb
Flavors: r-devel-windows-x86_64, r-release-macos-arm64, r-release-macos-x86_64, r-release-windows-x86_64, r-oldrel-macos-arm64, r-oldrel-macos-x86_64