CRAN Package Check Results for Package Cairo

Last updated on 2023-06-03 03:57:28 CEST.

Flavor Version Tinstall Tcheck Ttotal Status Flags
r-devel-linux-x86_64-debian-clang 1.6-0 10.64 26.74 37.38 WARN
r-devel-linux-x86_64-debian-gcc 1.6-0 7.64 21.45 29.09 WARN
r-devel-linux-x86_64-fedora-clang 1.6-0 48.70 WARN
r-devel-linux-x86_64-fedora-gcc 1.6-0 49.37 WARN
r-devel-windows-x86_64 1.6-0 28.00 86.00 114.00 WARN
r-patched-linux-x86_64 1.6-0 WARN
r-release-linux-x86_64 1.6-0 7.87 26.14 34.01 WARN
r-release-macos-arm64 1.6-0 34.00 NOTE
r-release-macos-x86_64 1.6-0 47.00 NOTE
r-release-windows-x86_64 1.6-0 22.00 11.00 33.00 ERROR
r-oldrel-macos-arm64 1.6-0 33.00 NOTE
r-oldrel-macos-x86_64 1.6-0 59.00 NOTE
r-oldrel-windows-x86_64 1.6-0 76.00 97.00 173.00 NOTE

Check Details

Version: 1.6-0
Check: whether package can be installed
Result: WARN
    Found the following significant warnings:
     cairobem.c:50:28: warning: a function declaration without a prototype is deprecated in all versions of C [-Wstrict-prototypes]
     ./Rapi.h:9:23: warning: a function declaration without a prototype is deprecated in all versions of C [-Wstrict-prototypes]
     ./Rapi.h:11:28: warning: a function declaration without a prototype is deprecated in all versions of C [-Wstrict-prototypes]
     cairotalk.c:661:38: warning: a function declaration without a prototype is deprecated in all versions of C [-Wstrict-prototypes]
     cairotalk.c:1552:38: warning: a function declaration without a prototype is deprecated in all versions of C [-Wstrict-prototypes]
     cairotalk.c:1588:23: warning: a function declaration without a prototype is deprecated in all versions of C [-Wstrict-prototypes]
     xlib-backend.c:156:29: warning: a function declaration without a prototype is deprecated in all versions of C [-Wstrict-prototypes]
    See ‘/home/hornik/tmp/R.check/r-devel-clang/Work/PKGS/Cairo.Rcheck/00install.out’ for details.
    * used C compiler: ‘Debian clang version 15.0.6’
Flavor: r-devel-linux-x86_64-debian-clang

Version: 1.6-0
Check: whether package can be installed
Result: WARN
    Found the following significant warnings:
     cairobem.c:50:6: warning: function declaration isn’t a prototype [-Wstrict-prototypes]
     Rapi.h:9:1: warning: function declaration isn’t a prototype [-Wstrict-prototypes]
     Rapi.h:11:1: warning: function declaration isn’t a prototype [-Wstrict-prototypes]
     cairotalk.c:661:23: warning: function declaration isn’t a prototype [-Wstrict-prototypes]
     cairotalk.c:1552:6: warning: function declaration isn’t a prototype [-Wstrict-prototypes]
     cairotalk.c:1588:6: warning: function declaration isn’t a prototype [-Wstrict-prototypes]
     xlib-backend.c:156:13: warning: function declaration isn’t a prototype [-Wstrict-prototypes]
    See ‘/home/hornik/tmp/R.check/r-devel-gcc/Work/PKGS/Cairo.Rcheck/00install.out’ for details.
    * used C compiler: ‘gcc-12 (Debian 12.2.0-14) 12.2.0’
Flavor: r-devel-linux-x86_64-debian-gcc

Version: 1.6-0
Check: whether package can be installed
Result: WARN
    Found the following significant warnings:
     cairobem.c:50:28: warning: a function declaration without a prototype is deprecated in all versions of C [-Wstrict-prototypes]
     ./Rapi.h:9:23: warning: a function declaration without a prototype is deprecated in all versions of C [-Wstrict-prototypes]
     ./Rapi.h:11:28: warning: a function declaration without a prototype is deprecated in all versions of C [-Wstrict-prototypes]
     cairotalk.c:661:38: warning: a function declaration without a prototype is deprecated in all versions of C [-Wstrict-prototypes]
     cairotalk.c:1552:38: warning: a function declaration without a prototype is deprecated in all versions of C [-Wstrict-prototypes]
     cairotalk.c:1588:23: warning: a function declaration without a prototype is deprecated in all versions of C [-Wstrict-prototypes]
     xlib-backend.c:156:29: warning: a function declaration without a prototype is deprecated in all versions of C [-Wstrict-prototypes]
    See ‘/data/gannet/ripley/R/packages/tests-clang/Cairo.Rcheck/00install.out’ for details.
    * used C compiler: ‘clang version 16.0.4’
Flavor: r-devel-linux-x86_64-fedora-clang

Version: 1.6-0
Check: whether package can be installed
Result: WARN
    Found the following significant warnings:
     cairobem.c:50:6: warning: function declaration isn't a prototype [-Wstrict-prototypes]
     Rapi.h:9:1: warning: function declaration isn't a prototype [-Wstrict-prototypes]
     Rapi.h:11:1: warning: function declaration isn't a prototype [-Wstrict-prototypes]
     cairotalk.c:661:23: warning: function declaration isn't a prototype [-Wstrict-prototypes]
     cairotalk.c:1552:6: warning: function declaration isn't a prototype [-Wstrict-prototypes]
     cairotalk.c:1588:6: warning: function declaration isn't a prototype [-Wstrict-prototypes]
     xlib-backend.c:156:13: warning: function declaration isn't a prototype [-Wstrict-prototypes]
    See ‘/data/gannet/ripley/R/packages/tests-devel/Cairo.Rcheck/00install.out’ for details.
    * used C compiler: ‘gcc-13 (GCC) 13.1.0’
Flavor: r-devel-linux-x86_64-fedora-gcc

Version: 1.6-0
Check: whether package can be installed
Result: WARN
    Found the following significant warnings:
     cairobem.c:50:6: warning: function declaration isn't a prototype [-Wstrict-prototypes]
     Rapi.h:9:1: warning: function declaration isn't a prototype [-Wstrict-prototypes]
     Rapi.h:11:1: warning: function declaration isn't a prototype [-Wstrict-prototypes]
     cairotalk.c:1552:6: warning: function declaration isn't a prototype [-Wstrict-prototypes]
     cairotalk.c:1588:6: warning: function declaration isn't a prototype [-Wstrict-prototypes]
    See 'd:/Rcompile/CRANpkg/local/4.4/Cairo.Rcheck/00install.out' for details.
    * used C compiler: 'gcc.exe (GCC) 12.2.0'
Flavor: r-devel-windows-x86_64

Version: 1.6-0
Check: installed package size
Result: NOTE
     installed size is 7.2Mb
     sub-directories of 1Mb or more:
     libs 7.1Mb
Flavors: r-devel-windows-x86_64, r-release-macos-arm64, r-release-macos-x86_64, r-oldrel-macos-arm64, r-oldrel-macos-x86_64, r-oldrel-windows-x86_64

Version: 1.6-0
Check: whether package can be installed
Result: WARN
    Found the following significant warnings:
     cairobem.c:50:6: warning: function declaration isn’t a prototype [-Wstrict-prototypes]
     Rapi.h:9:1: warning: function declaration isn’t a prototype [-Wstrict-prototypes]
     Rapi.h:11:1: warning: function declaration isn’t a prototype [-Wstrict-prototypes]
     cairotalk.c:661:23: warning: function declaration isn’t a prototype [-Wstrict-prototypes]
     cairotalk.c:1552:6: warning: function declaration isn’t a prototype [-Wstrict-prototypes]
     cairotalk.c:1588:6: warning: function declaration isn’t a prototype [-Wstrict-prototypes]
     xlib-backend.c:156:13: warning: function declaration isn’t a prototype [-Wstrict-prototypes]
    See ‘/home/hornik/tmp/R.check/r-patched-gcc/Work/PKGS/Cairo.Rcheck/00install.out’ for details.
    * used C compiler: ‘gcc-11 (Debian 11.3.0-12) 11.3.0’
Flavor: r-patched-linux-x86_64

Version: 1.6-0
Check: whether package can be installed
Result: WARN
    Found the following significant warnings:
     cairobem.c:50:6: warning: function declaration isn’t a prototype [-Wstrict-prototypes]
     Rapi.h:9:1: warning: function declaration isn’t a prototype [-Wstrict-prototypes]
     Rapi.h:11:1: warning: function declaration isn’t a prototype [-Wstrict-prototypes]
     cairotalk.c:661:23: warning: function declaration isn’t a prototype [-Wstrict-prototypes]
     cairotalk.c:1552:6: warning: function declaration isn’t a prototype [-Wstrict-prototypes]
     cairotalk.c:1588:6: warning: function declaration isn’t a prototype [-Wstrict-prototypes]
     xlib-backend.c:156:13: warning: function declaration isn’t a prototype [-Wstrict-prototypes]
    See ‘/home/hornik/tmp/R.check/r-release-gcc/Work/PKGS/Cairo.Rcheck/00install.out’ for details.
    * used C compiler: ‘gcc-11 (Debian 11.3.0-12) 11.3.0’
Flavor: r-release-linux-x86_64

Version: 1.6-0
Check: whether package can be installed
Result: ERROR
    Installation failed.
Flavor: r-release-windows-x86_64